CRAN Package Check Results for Package CGPfunctions

Last updated on 2019-09-18 05:46:55 CEST.

Flavor Version Tinstall Tcheck Ttotal Status Flags
r-devel-linux-x86_64-debian-clang 0.5.7 11.68 168.02 179.70 OK
r-devel-linux-x86_64-debian-gcc 0.5.7 11.09 130.18 141.27 OK
r-devel-linux-x86_64-fedora-clang 0.5.7 217.31 NOTE
r-devel-linux-x86_64-fedora-gcc 0.5.7 212.74 NOTE
r-devel-windows-ix86+x86_64 0.5.7 55.00 276.00 331.00 OK
r-patched-linux-x86_64 0.5.7 12.73 163.68 176.41 OK
r-patched-solaris-x86 0.5.7 300.50 NOTE
r-release-linux-x86_64 0.5.7 12.81 165.92 178.73 OK
r-release-windows-ix86+x86_64 0.5.7 36.00 194.00 230.00 OK
r-release-osx-x86_64 0.5.7 NOTE
r-oldrel-windows-ix86+x86_64 0.5.7 31.00 245.00 276.00 OK
r-oldrel-osx-x86_64 0.5.7 NOTE

Check Details

Version: 0.5.7
Check: dependencies in R code
Result: NOTE
    Namespaces in Imports field not imported from:
     ‘devtools’ ‘pwr’
     All declared Imports should be used.
Flavors: r-devel-linux-x86_64-fedora-clang, r-devel-linux-x86_64-fedora-gcc, r-patched-solaris-x86, r-release-osx-x86_64, r-oldrel-osx-x86_64