CRAN Package Check Results for Package CGPfunctions

Last updated on 2020-02-27 05:48:41 CET.

Flavor Version Tinstall Tcheck Ttotal Status Flags
r-devel-linux-x86_64-debian-clang 0.5.7 14.00 185.69 199.69 OK
r-devel-linux-x86_64-debian-gcc 0.5.7 12.07 139.07 151.14 OK
r-devel-linux-x86_64-fedora-clang 0.5.7 234.96 NOTE
r-devel-linux-x86_64-fedora-gcc 0.5.7 240.85 NOTE
r-devel-windows-ix86+x86_64 0.5.7 40.00 174.00 214.00 OK
r-devel-windows-ix86+x86_64-gcc8 0.5.7 43.00 171.00 214.00 OK
r-patched-linux-x86_64 0.5.7 12.66 162.36 175.02 OK
r-patched-solaris-x86 0.5.7 318.30 NOTE
r-release-linux-x86_64 0.5.7 11.54 162.68 174.22 OK
r-release-windows-ix86+x86_64 0.5.7 31.00 166.00 197.00 OK
r-release-osx-x86_64 0.5.7 NOTE
r-oldrel-windows-ix86+x86_64 0.5.7 17.00 157.00 174.00 OK
r-oldrel-osx-x86_64 0.5.7 NOTE

Check Details

Version: 0.5.7
Check: dependencies in R code
Result: NOTE
    Namespaces in Imports field not imported from:
     ‘devtools’ ‘pwr’
     All declared Imports should be used.
Flavors: r-devel-linux-x86_64-fedora-clang, r-devel-linux-x86_64-fedora-gcc, r-patched-solaris-x86, r-release-osx-x86_64, r-oldrel-osx-x86_64