CRAN Package Check Results for Package CHNOSZ

Last updated on 2020-06-05 05:48:42 CEST.

Flavor Version Tinstall Tcheck Ttotal Status Flags
r-devel-linux-x86_64-debian-clang 1.3.6 26.09 323.62 349.71 OK
r-devel-linux-x86_64-debian-gcc 1.3.6 19.94 241.45 261.39 OK
r-devel-linux-x86_64-fedora-clang 1.3.6 422.98 OK
r-devel-linux-x86_64-fedora-gcc 1.3.6 432.13 OK
r-devel-windows-ix86+x86_64 1.3.6 46.00 494.00 540.00 OK
r-patched-linux-x86_64 1.3.6 27.06 324.08 351.14 OK
r-patched-solaris-x86 1.3.6 540.00 NOTE
r-release-linux-x86_64 1.3.6 27.13 322.89 350.02 OK
r-release-osx-x86_64 1.3.6 OK
r-release-windows-ix86+x86_64 1.3.6 35.00 574.00 609.00 OK
r-oldrel-osx-x86_64 1.3.6 OK
r-oldrel-windows-ix86+x86_64 1.3.6 46.00 613.00 659.00 OK

Check Details

Version: 1.3.6
Check: installed package size
Result: NOTE
     installed size is 5.1Mb
     sub-directories of 1Mb or more:
     doc 2.8Mb
Flavor: r-patched-solaris-x86