CRAN Package Check Results for Package CHNOSZ

Last updated on 2019-09-18 05:46:55 CEST.

Flavor Version Tinstall Tcheck Ttotal Status Flags
r-devel-linux-x86_64-debian-clang 1.3.3 24.68 320.02 344.70 OK
r-devel-linux-x86_64-debian-gcc 1.3.3 18.19 247.13 265.32 OK
r-devel-linux-x86_64-fedora-clang 1.3.3 405.62 OK
r-devel-linux-x86_64-fedora-gcc 1.3.3 406.16 OK
r-devel-windows-ix86+x86_64 1.3.3 47.00 449.00 496.00 OK
r-patched-linux-x86_64 1.3.3 24.11 323.54 347.65 OK
r-patched-solaris-x86 1.3.3 535.10 NOTE
r-release-linux-x86_64 1.3.3 24.35 321.10 345.45 OK
r-release-windows-ix86+x86_64 1.3.3 36.00 431.00 467.00 OK
r-release-osx-x86_64 1.3.3 OK
r-oldrel-windows-ix86+x86_64 1.3.3 57.00 443.00 500.00 OK
r-oldrel-osx-x86_64 1.3.3 OK

Check Details

Version: 1.3.3
Check: installed package size
Result: NOTE
     installed size is 5.0Mb
     sub-directories of 1Mb or more:
     doc 2.5Mb
Flavor: r-patched-solaris-x86