CRAN Package Check Results for Package CNAIM

Last updated on 2022-01-20 05:50:18 CET.

Flavor Version Tinstall Tcheck Ttotal Status Flags
r-devel-linux-x86_64-debian-clang 1.0.1 OK
r-devel-linux-x86_64-debian-gcc 1.0.1 10.77 78.57 89.34 OK
r-devel-linux-x86_64-fedora-clang 1.0.1 153.99 NOTE
r-devel-linux-x86_64-fedora-gcc 1.0.1 130.82 NOTE
r-devel-windows-x86_64-new-UL 1.0.1 199.00 152.00 351.00 OK
r-devel-windows-x86_64-new-TK 1.0.1 NOTE
r-patched-linux-x86_64 1.0.1 16.47 99.54 116.01 OK
r-release-linux-x86_64 1.0.1 OK
r-release-macos-arm64 1.0.1 NOTE
r-release-macos-x86_64 1.0.1 NOTE
r-release-windows-ix86+x86_64 1.0.1 24.00 122.00 146.00 OK
r-oldrel-macos-x86_64 1.0.1 NOTE
r-oldrel-windows-ix86+x86_64 1.0.1 25.00 123.00 148.00 OK

Check Details

Version: 1.0.1
Check: dependencies in R code
Result: NOTE
    Namespaces in Imports field not imported from:
     ‘htmltools’ ‘htmlwidgets’ ‘readxl’ ‘testthat’ ‘widgetframe’
     All declared Imports should be used.
Flavors: r-devel-linux-x86_64-fedora-clang, r-devel-linux-x86_64-fedora-gcc, r-devel-windows-x86_64-new-TK, r-release-macos-arm64, r-release-macos-x86_64, r-oldrel-macos-x86_64