CRAN Package Check Results for Package CPBayes

Last updated on 2024-06-13 06:57:57 CEST.

Flavor Version Tinstall Tcheck Ttotal Status Flags
r-devel-linux-x86_64-debian-clang 1.1.0 5.04 93.16 98.20 OK
r-devel-linux-x86_64-debian-gcc 1.1.0 0.34 1.68 2.02 ERROR
r-devel-linux-x86_64-fedora-clang 1.1.0 120.01 OK
r-devel-linux-x86_64-fedora-gcc 1.1.0 126.46 OK
r-devel-windows-x86_64 1.1.0 5.00 83.00 88.00 OK
r-patched-linux-x86_64 1.1.0 5.59 87.44 93.03 OK
r-release-linux-x86_64 1.1.0 4.38 86.45 90.83 OK
r-release-macos-arm64 1.1.0 41.00 OK
r-release-macos-x86_64 1.1.0 65.00 OK
r-release-windows-x86_64 1.1.0 5.00 89.00 94.00 OK
r-oldrel-macos-arm64 1.1.0 49.00 OK
r-oldrel-macos-x86_64 1.1.0 65.00 OK
r-oldrel-windows-x86_64 1.1.0 6.00 102.00 108.00 OK

Check Details

Version: 1.1.0
Check: package dependencies
Result: ERROR Package required but not available: ‘purrr’ Package suggested but not available for checking: ‘testthat’ See section ‘The DESCRIPTION file’ in the ‘Writing R Extensions’ manual. Flavor: r-devel-linux-x86_64-debian-gcc