CRAN Package Check Results for Package CRAC

Last updated on 2019-08-25 05:46:45 CEST.

Flavor Version Tinstall Tcheck Ttotal Status Flags
r-devel-linux-x86_64-debian-clang 1.0 1.65 17.29 18.94 NOTE
r-devel-linux-x86_64-debian-gcc 1.0 1.49 14.17 15.66 NOTE
r-devel-linux-x86_64-fedora-clang 1.0 24.86 NOTE
r-devel-linux-x86_64-fedora-gcc 1.0 22.58 NOTE
r-devel-windows-ix86+x86_64 1.0 13.00 36.00 49.00 NOTE
r-patched-linux-x86_64 1.0 1.37 17.26 18.63 NOTE
r-patched-solaris-x86 1.0 38.30 NOTE
r-release-linux-x86_64 1.0 1.49 17.54 19.03 NOTE
r-release-windows-ix86+x86_64 1.0 6.00 38.00 44.00 NOTE
r-release-osx-x86_64 1.0 NOTE
r-oldrel-windows-ix86+x86_64 1.0 2.00 27.00 29.00 NOTE
r-oldrel-osx-x86_64 1.0 NOTE

Check Details

Version: 1.0
Check: R code for possible problems
Result: NOTE
    distance.comoving: no visible global function definition for
     'integrate'
    Undefined global functions or variables:
     integrate
    Consider adding
     importFrom("stats", "integrate")
    to your NAMESPACE file.
Flavors: r-devel-linux-x86_64-debian-clang, r-devel-linux-x86_64-debian-gcc, r-devel-linux-x86_64-fedora-clang, r-devel-linux-x86_64-fedora-gcc, r-devel-windows-ix86+x86_64, r-patched-linux-x86_64, r-patched-solaris-x86, r-release-linux-x86_64, r-release-windows-ix86+x86_64, r-release-osx-x86_64, r-oldrel-windows-ix86+x86_64, r-oldrel-osx-x86_64