CRAN Package Check Results for Package CRANsearcher

Last updated on 2021-10-26 05:59:46 CEST.

Flavor Version Tinstall Tcheck Ttotal Status Flags
r-devel-linux-x86_64-debian-clang 1.0.0 6.48 56.66 63.14 OK
r-devel-linux-x86_64-debian-gcc 1.0.0 6.29 42.79 49.08 OK
r-devel-linux-x86_64-fedora-clang 1.0.0 85.60 NOTE
r-devel-linux-x86_64-fedora-gcc 1.0.0 73.86 NOTE
r-devel-windows-x86_64 1.0.0 13.00 82.00 95.00 OK
r-devel-windows-x86_64-gcc10-UCRT 1.0.0 NOTE
r-patched-linux-x86_64 1.0.0 7.85 53.16 61.01 OK
r-patched-solaris-x86 1.0.0 112.10 NOTE
r-release-linux-x86_64 1.0.0 5.55 52.83 58.38 OK
r-release-macos-arm64 1.0.0 NOTE
r-release-macos-x86_64 1.0.0 NOTE
r-release-windows-ix86+x86_64 1.0.0 14.00 72.00 86.00 OK
r-oldrel-macos-x86_64 1.0.0 NOTE
r-oldrel-windows-ix86+x86_64 1.0.0 18.00 79.00 97.00 OK

Check Details

Version: 1.0.0
Check: data for non-ASCII characters
Result: NOTE
     Note: found 11 marked Latin-1 strings
     Note: found 57 marked UTF-8 strings
Flavors: r-devel-linux-x86_64-fedora-clang, r-devel-linux-x86_64-fedora-gcc, r-devel-windows-x86_64-gcc10-UCRT, r-patched-solaris-x86, r-release-macos-arm64, r-release-macos-x86_64, r-oldrel-macos-x86_64