CRAN Package Check Results for Package CSGo

Last updated on 2021-12-03 05:51:54 CET.

Flavor Version Tinstall Tcheck Ttotal Status Flags
r-devel-linux-x86_64-debian-clang 0.6.7 2.18 26.93 29.11 OK
r-devel-linux-x86_64-debian-gcc 0.6.7 1.62 21.53 23.15 OK
r-devel-linux-x86_64-fedora-clang 0.6.7 47.54 NOTE
r-devel-linux-x86_64-fedora-gcc 0.6.7 37.43 NOTE
r-devel-windows-x86_64-new-UL 0.6.7 10.00 76.00 86.00 OK
r-devel-windows-x86_64-new-TK 0.6.7 NOTE
r-devel-windows-x86_64-old 0.6.7 6.00 38.00 44.00 OK
r-patched-linux-x86_64 0.6.7 2.70 26.82 29.52 OK
r-patched-solaris-x86 0.6.7 54.30 NOTE
r-release-linux-x86_64 0.6.7 2.32 26.87 29.19 OK
r-release-macos-arm64 0.6.7 NOTE
r-release-macos-x86_64 0.6.7 NOTE
r-release-windows-ix86+x86_64 0.6.7 6.00 47.00 53.00 OK
r-oldrel-macos-x86_64 0.6.7 NOTE
r-oldrel-windows-ix86+x86_64 0.6.7 7.00 49.00 56.00 OK

Check Details

Version: 0.6.7
Check: dependencies in R code
Result: NOTE
    Namespaces in Imports field not imported from:
     ‘extrafont’ ‘future’
     All declared Imports should be used.
Flavors: r-devel-linux-x86_64-fedora-clang, r-devel-linux-x86_64-fedora-gcc, r-devel-windows-x86_64-new-TK, r-patched-solaris-x86, r-release-macos-arm64, r-release-macos-x86_64, r-oldrel-macos-x86_64