CRAN Package Check Results for Package CSeqpat

Last updated on 2023-01-29 05:49:32 CET.

Flavor Version Tinstall Tcheck Ttotal Status Flags
r-devel-linux-x86_64-debian-clang 0.1.2 2.69 28.61 31.30 NOTE
r-devel-linux-x86_64-debian-gcc 0.1.2 2.16 22.34 24.50 NOTE
r-devel-linux-x86_64-fedora-clang 0.1.2 40.79 NOTE
r-devel-linux-x86_64-fedora-gcc 0.1.2 38.99 NOTE
r-devel-windows-x86_64 0.1.2 8.00 59.00 67.00 NOTE
r-patched-linux-x86_64 0.1.2 2.59 28.90 31.49 NOTE
r-release-linux-x86_64 0.1.2 2.25 29.15 31.40 NOTE
r-release-macos-arm64 0.1.2 17.00 NOTE
r-release-macos-x86_64 0.1.2 23.00 NOTE
r-release-windows-x86_64 0.1.2 12.00 57.00 69.00 NOTE
r-oldrel-macos-arm64 0.1.2 24.00 NOTE
r-oldrel-macos-x86_64 0.1.2 31.00 NOTE
r-oldrel-windows-ix86+x86_64 0.1.2 7.00 53.00 60.00 NOTE

Check Details

Version: 0.1.2
Check: LazyData
Result: NOTE
     'LazyData' is specified without a 'data' directory
Flavors: r-devel-linux-x86_64-debian-clang, r-devel-linux-x86_64-debian-gcc, r-devel-linux-x86_64-fedora-clang, r-devel-linux-x86_64-fedora-gcc, r-devel-windows-x86_64, r-patched-linux-x86_64, r-release-linux-x86_64, r-release-macos-arm64, r-release-macos-x86_64, r-release-windows-x86_64, r-oldrel-macos-arm64, r-oldrel-macos-x86_64, r-oldrel-windows-ix86+x86_64