CRAN Package Check Results for Package CSeqpat

Last updated on 2024-02-25 06:08:26 CET.

Flavor Version Tinstall Tcheck Ttotal Status Flags
r-devel-linux-x86_64-debian-clang 0.1.2 3.98 32.58 36.56 NOTE
r-devel-linux-x86_64-debian-gcc 0.1.2 2.40 25.29 27.69 NOTE
r-devel-linux-x86_64-fedora-clang 0.1.2 44.59 NOTE
r-devel-linux-x86_64-fedora-gcc 0.1.2 42.67 NOTE
r-devel-windows-x86_64 0.1.2 4.00 45.00 49.00 NOTE
r-patched-linux-x86_64 0.1.2 3.99 31.61 35.60 NOTE
r-release-linux-x86_64 0.1.2 2.54 31.90 34.44 NOTE
r-release-macos-arm64 0.1.2 18.00 NOTE
r-release-macos-x86_64 0.1.2 24.00 NOTE
r-release-windows-x86_64 0.1.2 5.00 45.00 50.00 NOTE
r-oldrel-macos-arm64 0.1.2 19.00 NOTE
r-oldrel-windows-x86_64 0.1.2 5.00 53.00 58.00 NOTE

Check Details

Version: 0.1.2
Check: LazyData
Result: NOTE 'LazyData' is specified without a 'data' directory Flavors: r-devel-linux-x86_64-debian-clang, r-devel-linux-x86_64-debian-gcc, r-devel-linux-x86_64-fedora-clang, r-devel-linux-x86_64-fedora-gcc, r-devel-windows-x86_64, r-patched-linux-x86_64, r-release-linux-x86_64, r-release-macos-arm64, r-release-macos-x86_64, r-release-windows-x86_64, r-oldrel-macos-arm64, r-oldrel-windows-x86_64