CRAN Package Check Results for Package CUFF

Last updated on 2022-01-20 05:50:19 CET.

Flavor Version Tinstall Tcheck Ttotal Status Flags
r-devel-linux-x86_64-debian-clang 1.7 NOTE
r-devel-linux-x86_64-debian-gcc 1.7 14.96 115.20 130.16 NOTE
r-devel-linux-x86_64-fedora-clang 1.7 209.82 NOTE
r-devel-linux-x86_64-fedora-gcc 1.7 194.04 NOTE
r-devel-windows-x86_64-new-UL 1.7 29.00 150.00 179.00 NOTE
r-devel-windows-x86_64-new-TK 1.7 NOTE
r-patched-linux-x86_64 1.7 16.47 145.82 162.29 NOTE
r-release-linux-x86_64 1.7 NOTE
r-release-macos-arm64 1.7 NOTE
r-release-macos-x86_64 1.7 NOTE
r-release-windows-ix86+x86_64 1.7 36.00 143.00 179.00 NOTE
r-oldrel-macos-x86_64 1.7 OK
r-oldrel-windows-ix86+x86_64 1.7 37.00 147.00 184.00 OK

Check Details

Version: 1.7
Check: LazyData
Result: NOTE
     'LazyData' is specified without a 'data' directory
Flavors: r-devel-linux-x86_64-debian-clang, r-devel-linux-x86_64-debian-gcc, r-devel-linux-x86_64-fedora-clang, r-devel-linux-x86_64-fedora-gcc, r-devel-windows-x86_64-new-UL, r-devel-windows-x86_64-new-TK, r-patched-linux-x86_64, r-release-linux-x86_64, r-release-macos-arm64, r-release-macos-x86_64, r-release-windows-ix86+x86_64