CRAN Package Check Results for Package CVD

Last updated on 2021-09-21 05:51:00 CEST.

Flavor Version Tinstall Tcheck Ttotal Status Flags
r-devel-linux-x86_64-debian-clang 1.0.2 4.64 35.32 39.96 OK
r-devel-linux-x86_64-debian-gcc 1.0.2 3.58 27.15 30.73 OK
r-devel-linux-x86_64-fedora-clang 1.0.2 57.63 OK
r-devel-linux-x86_64-fedora-gcc 1.0.2 47.49 OK
r-devel-windows-x86_64 1.0.2 8.00 43.00 51.00 OK
r-devel-windows-x86_64-gcc10-UCRT 1.0.2 ERROR
r-patched-linux-x86_64 1.0.2 5.51 33.84 39.35 OK
r-patched-solaris-x86 1.0.2 64.10 OK
r-release-linux-x86_64 1.0.2 4.99 33.55 38.54 OK
r-release-macos-arm64 1.0.2 NOTE
r-release-macos-x86_64 1.0.2 OK
r-release-windows-ix86+x86_64 1.0.2 10.00 51.00 61.00 OK
r-oldrel-macos-x86_64 1.0.2 OK
r-oldrel-windows-ix86+x86_64 1.0.2 9.00 51.00 60.00 OK

Check Details

Version: 1.0.2
Check: whether package can be installed
Result: WARN
    Found the following significant warnings:
     WARNING: installation-time patches will not be applied, could not get the patches index
Flavor: r-devel-windows-x86_64-gcc10-UCRT

Version: 1.0.2
Check: PDF version of manual
Result: WARN
    LaTeX errors when creating PDF version.
    This typically indicates Rd problems.
Flavor: r-devel-windows-x86_64-gcc10-UCRT

Version: 1.0.2
Check: PDF version of manual without hyperrefs or index
Result: ERROR
    Re-running with no redirection of stdout/stderr.
Flavor: r-devel-windows-x86_64-gcc10-UCRT

Version: 1.0.2
Check: package dependencies
Result: NOTE
    Package which this enhances but not available for checking: ‘RGtk2’
Flavor: r-release-macos-arm64