CRAN Package Check Results for Package CVThresh

Last updated on 2021-09-21 05:51:00 CEST.

Flavor Version Tinstall Tcheck Ttotal Status Flags
r-devel-linux-x86_64-debian-clang 1.1.1 2.69 28.76 31.45 NOTE
r-devel-linux-x86_64-debian-gcc 1.1.1 2.44 22.57 25.01 NOTE
r-devel-linux-x86_64-fedora-clang 1.1.1 47.55 NOTE
r-devel-linux-x86_64-fedora-gcc 1.1.1 36.98 NOTE
r-devel-windows-x86_64 1.1.1 4.00 36.00 40.00 NOTE
r-devel-windows-x86_64-gcc10-UCRT 1.1.1 ERROR
r-patched-linux-x86_64 1.1.1 2.99 28.08 31.07 NOTE
r-patched-solaris-x86 1.1.1 55.60 NOTE
r-release-linux-x86_64 1.1.1 2.96 28.02 30.98 NOTE
r-release-macos-arm64 1.1.1 NOTE
r-release-macos-x86_64 1.1.1 NOTE
r-release-windows-ix86+x86_64 1.1.1 6.00 46.00 52.00 NOTE
r-oldrel-macos-x86_64 1.1.1 NOTE
r-oldrel-windows-ix86+x86_64 1.1.1 6.00 33.00 39.00 NOTE

Check Details

Version: 1.1.1
Check: R code for possible problems
Result: NOTE
    cvimpute.by.wavelet: no visible global function definition for 'sd'
    cvimpute.by.wavelet: no visible global function definition for 'mad'
    cvimpute.image.by.wavelet: no visible global function definition for
     'sd'
    cvimpute.image.by.wavelet: no visible global function definition for
     'mad'
    cvwavelet.image.after.impute: no visible global function definition for
     'sd'
    cvwavelet.image.after.impute: no visible global function definition for
     'mad'
    Undefined global functions or variables:
     mad sd
    Consider adding
     importFrom("stats", "mad", "sd")
    to your NAMESPACE file.
Flavors: r-devel-linux-x86_64-debian-clang, r-devel-linux-x86_64-debian-gcc, r-devel-linux-x86_64-fedora-clang, r-devel-linux-x86_64-fedora-gcc, r-devel-windows-x86_64, r-devel-windows-x86_64-gcc10-UCRT, r-patched-linux-x86_64, r-patched-solaris-x86, r-release-linux-x86_64, r-release-macos-arm64, r-release-macos-x86_64, r-release-windows-ix86+x86_64, r-oldrel-macos-x86_64, r-oldrel-windows-ix86+x86_64

Version: 1.1.1
Check: whether package can be installed
Result: WARN
    Found the following significant warnings:
     WARNING: installation-time patches will not be applied, could not get the patches index
Flavor: r-devel-windows-x86_64-gcc10-UCRT

Version: 1.1.1
Check: PDF version of manual
Result: WARN
    LaTeX errors when creating PDF version.
    This typically indicates Rd problems.
Flavor: r-devel-windows-x86_64-gcc10-UCRT

Version: 1.1.1
Check: PDF version of manual without hyperrefs or index
Result: ERROR
    Re-running with no redirection of stdout/stderr.
Flavor: r-devel-windows-x86_64-gcc10-UCRT