CRAN Package Check Results for Package Cairo

Last updated on 2019-11-17 05:47:07 CET.

Flavor Version Tinstall Tcheck Ttotal Status Flags
r-devel-linux-x86_64-debian-clang 1.5-10 9.66 22.10 31.76 WARN
r-devel-linux-x86_64-debian-gcc 1.5-10 5.38 17.22 22.60 WARN
r-devel-linux-x86_64-fedora-clang 1.5-10 40.06 WARN
r-devel-linux-x86_64-fedora-gcc 1.5-10 36.10 WARN
r-devel-windows-ix86+x86_64 1.5-10 34.00 42.00 76.00 NOTE
r-patched-linux-x86_64 1.5-10 5.88 21.09 26.97 NOTE
r-patched-solaris-x86 1.5-10 51.60 NOTE
r-release-linux-x86_64 1.5-10 5.86 21.59 27.45 NOTE
r-release-windows-ix86+x86_64 1.5-10 30.00 55.00 85.00 NOTE
r-release-osx-x86_64 1.5-10 NOTE
r-oldrel-windows-ix86+x86_64 1.5-10 34.00 120.00 154.00 NOTE
r-oldrel-osx-x86_64 1.5-10 NOTE

Additional issues

rchk

Check Details

Version: 1.5-10
Check: whether package can be installed
Result: WARN
    Found the following significant warnings:
     'config' variable 'CPP' is deprecated
Flavors: r-devel-linux-x86_64-debian-clang, r-devel-linux-x86_64-debian-gcc, r-devel-linux-x86_64-fedora-clang, r-devel-linux-x86_64-fedora-gcc

Version: 1.5-10
Check: compiled code
Result: NOTE
    File 'Cairo/libs/Cairo.so':
     Found non-API calls to R: 'R_InputHandlers', 'addInputHandler'
    
    Compiled code should not call non-API entry points in R.
    
    See 'Writing portable packages' in the 'Writing R Extensions' manual.
Flavors: r-devel-linux-x86_64-debian-clang, r-devel-linux-x86_64-debian-gcc, r-devel-linux-x86_64-fedora-clang, r-devel-linux-x86_64-fedora-gcc, r-patched-linux-x86_64, r-patched-solaris-x86, r-release-linux-x86_64, r-release-osx-x86_64, r-oldrel-osx-x86_64

Version: 1.5-10
Check: for non-standard things in the check directory
Result: NOTE
    Found the following files/directories:
     'plot.pdf' 'plot.png'
Flavors: r-devel-linux-x86_64-debian-clang, r-devel-linux-x86_64-debian-gcc, r-devel-linux-x86_64-fedora-clang, r-devel-linux-x86_64-fedora-gcc

Version: 1.5-10
Check: package dependencies
Result: NOTE
    Package which this enhances but not available for checking: 'FastRWeb'
Flavors: r-devel-windows-ix86+x86_64, r-patched-solaris-x86, r-release-windows-ix86+x86_64, r-oldrel-windows-ix86+x86_64

Version: 1.5-10
Check: whether package can be installed
Result: NOTE
    Found the following notes/warnings:
     Non-staged installation was used
Flavor: r-release-windows-ix86+x86_64