CRAN Package Check Results for Package Cairo

Last updated on 2020-06-05 05:48:41 CEST.

Flavor Version Tinstall Tcheck Ttotal Status Flags
r-devel-linux-x86_64-debian-clang 1.5-12 8.91 22.84 31.75 NOTE
r-devel-linux-x86_64-debian-gcc 1.5-12 5.69 18.11 23.80 NOTE
r-devel-linux-x86_64-fedora-clang 1.5-12 48.21 NOTE
r-devel-linux-x86_64-fedora-gcc 1.5-12 37.70 NOTE
r-devel-windows-ix86+x86_64 1.5-12 39.00 44.00 83.00 WARN
r-patched-linux-x86_64 1.5-12 6.68 22.90 29.58 NOTE
r-patched-solaris-x86 1.5-12 54.80 NOTE
r-release-linux-x86_64 1.5-12 6.16 22.88 29.04 NOTE
r-release-osx-x86_64 1.5-12 NOTE
r-release-windows-ix86+x86_64 1.5-12 27.00 40.00 67.00 WARN
r-oldrel-osx-x86_64 1.5-12 NOTE
r-oldrel-windows-ix86+x86_64 1.5-12 55.00 57.00 112.00 OK

Check Details

Version: 1.5-12
Check: compiled code
Result: NOTE
    File 'Cairo/libs/Cairo.so':
     Found non-API calls to R: 'R_InputHandlers', 'addInputHandler'
    
    Compiled code should not call non-API entry points in R.
    
    See 'Writing portable packages' in the 'Writing R Extensions' manual.
Flavors: r-devel-linux-x86_64-debian-clang, r-devel-linux-x86_64-debian-gcc, r-devel-linux-x86_64-fedora-clang, r-devel-linux-x86_64-fedora-gcc, r-patched-linux-x86_64, r-patched-solaris-x86, r-release-linux-x86_64, r-release-osx-x86_64, r-oldrel-osx-x86_64

Version: 1.5-12
Check: whether package can be installed
Result: WARN
    Found the following significant warnings:
     w32-backend.c:24:5: warning: initialization of 'char **' from incompatible pointer type 'const char **' [-Wincompatible-pointer-types]
Flavors: r-devel-windows-ix86+x86_64, r-release-windows-ix86+x86_64

Version: 1.5-12
Check: package dependencies
Result: NOTE
    Package which this enhances but not available for checking: ‘FastRWeb’
Flavor: r-patched-solaris-x86

Version: 1.5-12
Check: installed package size
Result: NOTE
     installed size is 21.0Mb
     sub-directories of 1Mb or more:
     libs 20.9Mb
Flavor: r-release-osx-x86_64