CRAN Package Check Results for Package Census2016

Last updated on 2019-12-07 05:47:27 CET.

Flavor Version Tinstall Tcheck Ttotal Status Flags
r-devel-linux-x86_64-debian-clang 0.2.0 8.09 45.33 53.42 OK
r-devel-linux-x86_64-debian-gcc 0.2.0 7.99 36.06 44.05 OK
r-devel-linux-x86_64-fedora-clang 0.2.0 74.49 NOTE
r-devel-linux-x86_64-fedora-gcc 0.2.0 64.99 NOTE
r-devel-windows-ix86+x86_64 0.2.0 13.00 57.00 70.00 OK
r-devel-windows-ix86+x86_64-gcc8 0.2.0 15.00 54.00 69.00 OK
r-patched-linux-x86_64 0.2.0 8.48 43.10 51.58 OK
r-patched-solaris-x86 0.2.0 83.50 NOTE
r-release-linux-x86_64 0.2.0 9.03 43.63 52.66 OK
r-release-windows-ix86+x86_64 0.2.0 21.00 52.00 73.00 OK
r-release-osx-x86_64 0.2.0 NOTE
r-oldrel-windows-ix86+x86_64 0.2.0 11.00 44.00 55.00 OK
r-oldrel-osx-x86_64 0.2.0 NOTE

Check Details

Version: 0.2.0
Check: dependencies in R code
Result: NOTE
    Namespace in Imports field not imported from: ‘data.table’
     All declared Imports should be used.
Flavors: r-devel-linux-x86_64-fedora-clang, r-devel-linux-x86_64-fedora-gcc, r-patched-solaris-x86, r-release-osx-x86_64, r-oldrel-osx-x86_64