CRAN Package Check Results for Package ChannelAttributionApp

Last updated on 2023-02-02 06:03:20 CET.

Flavor Version Tinstall Tcheck Ttotal Status Flags
r-devel-linux-x86_64-debian-clang 1.3 6.79 56.31 63.10 NOTE
r-devel-linux-x86_64-debian-gcc 1.3 5.22 41.64 46.86 NOTE
r-devel-linux-x86_64-fedora-clang 1.3 83.41 NOTE
r-devel-linux-x86_64-fedora-gcc 1.3 81.35 NOTE
r-devel-windows-x86_64 1.3 35.00 87.00 122.00 NOTE
r-patched-linux-x86_64 1.3 5.73 55.37 61.10 NOTE
r-release-linux-x86_64 1.3 6.26 59.85 66.11 NOTE
r-release-macos-arm64 1.3 26.00 NOTE
r-release-macos-x86_64 1.3 48.00 NOTE
r-release-windows-x86_64 1.3 48.00 92.00 140.00 NOTE
r-oldrel-macos-arm64 1.3 30.00 NOTE
r-oldrel-macos-x86_64 1.3 56.00 NOTE
r-oldrel-windows-ix86+x86_64 1.3 17.00 85.00 102.00 NOTE

Check Details

Version: 1.3
Check: LazyData
Result: NOTE
     'LazyData' is specified without a 'data' directory
Flavors: r-devel-linux-x86_64-debian-clang, r-devel-linux-x86_64-debian-gcc, r-devel-linux-x86_64-fedora-clang, r-devel-linux-x86_64-fedora-gcc, r-devel-windows-x86_64, r-patched-linux-x86_64, r-release-linux-x86_64, r-release-macos-arm64, r-release-macos-x86_64, r-release-windows-x86_64, r-oldrel-macos-arm64, r-oldrel-macos-x86_64, r-oldrel-windows-ix86+x86_64