CRAN Package Check Results for Package ChaosGame

Last updated on 2019-08-21 05:46:48 CEST.

Flavor Version Tinstall Tcheck Ttotal Status Flags
r-devel-linux-x86_64-debian-clang 0.4 6.67 48.47 55.14 OK
r-devel-linux-x86_64-debian-gcc 0.4 6.24 38.28 44.52 OK
r-devel-linux-x86_64-fedora-clang 0.4 67.21 OK
r-devel-linux-x86_64-fedora-gcc 0.4 63.37 OK
r-devel-windows-ix86+x86_64 0.4 23.00 95.00 118.00 OK
r-patched-linux-x86_64 0.4 7.62 47.40 55.02 OK
r-patched-solaris-x86 0.4 92.20 OK
r-release-linux-x86_64 0.4 6.54 47.27 53.81 OK
r-release-windows-ix86+x86_64 0.4 16.00 61.00 77.00 OK
r-release-osx-x86_64 0.4 WARN
r-oldrel-windows-ix86+x86_64 0.4 17.00 85.00 102.00 OK
r-oldrel-osx-x86_64 0.4 OK

Check Details

Version: 0.4
Check: whether package can be installed
Result: WARN
    Found the following significant warnings:
     Warning: 'rgl_init' failed, running with rgl.useNULL = TRUE
Flavor: r-release-osx-x86_64