Last updated on 2019-12-07 05:47:27 CET.
Flavor | Version | Tinstall | Tcheck | Ttotal | Status | Flags |
---|---|---|---|---|---|---|
r-devel-linux-x86_64-debian-clang | 0.4 | 8.33 | 52.12 | 60.45 | OK | |
r-devel-linux-x86_64-debian-gcc | 0.4 | 7.05 | 40.08 | 47.13 | OK | |
r-devel-linux-x86_64-fedora-clang | 0.4 | 75.89 | OK | |||
r-devel-linux-x86_64-fedora-gcc | 0.4 | 67.31 | OK | |||
r-devel-windows-ix86+x86_64 | 0.4 | 22.00 | 65.00 | 87.00 | OK | |
r-devel-windows-ix86+x86_64-gcc8 | 0.4 | 20.00 | 64.00 | 84.00 | OK | |
r-patched-linux-x86_64 | 0.4 | 6.89 | 46.96 | 53.85 | OK | |
r-patched-solaris-x86 | 0.4 | 98.10 | OK | |||
r-release-linux-x86_64 | 0.4 | 6.18 | 47.57 | 53.75 | OK | |
r-release-windows-ix86+x86_64 | 0.4 | 15.00 | 65.00 | 80.00 | OK | |
r-release-osx-x86_64 | 0.4 | WARN | ||||
r-oldrel-windows-ix86+x86_64 | 0.4 | 11.00 | 67.00 | 78.00 | OK | |
r-oldrel-osx-x86_64 | 0.4 | OK |
Version: 0.4
Check: whether package can be installed
Result: WARN
Found the following significant warnings:
Warning: 'rgl_init' failed, running with rgl.useNULL = TRUE
Flavor: r-release-osx-x86_64