CRAN Package Check Results for Package ChineseNames

Last updated on 2021-11-27 05:49:32 CET.

Flavor Version Tinstall Tcheck Ttotal Status Flags
r-devel-linux-x86_64-debian-clang 1.1.0 OK
r-devel-linux-x86_64-debian-gcc 1.1.0 5.16 40.08 45.24 OK
r-devel-linux-x86_64-fedora-clang 1.1.0 80.53 NOTE
r-devel-linux-x86_64-fedora-gcc 1.1.0 69.21 NOTE
r-devel-windows-x86_64-new-UL 1.1.0 16.00 92.00 108.00 OK
r-devel-windows-x86_64-new-TK 1.1.0 NOTE
r-devel-windows-x86_64-old 1.1.0 11.00 63.00 74.00 OK
r-patched-linux-x86_64 1.1.0 6.35 48.66 55.01 OK
r-patched-solaris-x86 1.1.0 99.90 NOTE
r-release-linux-x86_64 1.1.0 OK
r-release-macos-arm64 1.1.0 NOTE
r-release-macos-x86_64 1.1.0 NOTE
r-release-windows-ix86+x86_64 1.1.0 22.00 78.00 100.00 OK
r-oldrel-macos-x86_64 1.1.0 NOTE
r-oldrel-windows-ix86+x86_64 1.1.0 14.00 72.00 86.00 OK

Check Details

Version: 1.1.0
Check: data for non-ASCII characters
Result: NOTE
     Note: found 8119 marked UTF-8 strings
Flavors: r-devel-linux-x86_64-fedora-clang, r-devel-linux-x86_64-fedora-gcc, r-devel-windows-x86_64-new-TK, r-patched-solaris-x86, r-release-macos-arm64, r-release-macos-x86_64, r-oldrel-macos-x86_64