CRAN Package Check Results for Package ClickClust

Last updated on 2022-01-24 05:51:44 CET.

Flavor Version Tinstall Tcheck Ttotal Status Flags
r-devel-linux-x86_64-debian-clang 1.1.5 5.53 40.77 46.30 OK
r-devel-linux-x86_64-debian-gcc 1.1.5 4.47 31.02 35.49 OK
r-devel-linux-x86_64-fedora-clang 1.1.5 58.92 NOTE
r-devel-linux-x86_64-fedora-gcc 1.1.5 46.66 NOTE
r-devel-windows-x86_64-new-UL 1.1.5 59.00 63.00 122.00 OK
r-devel-windows-x86_64-new-TK 1.1.5 OK
r-patched-linux-x86_64 1.1.5 5.41 39.62 45.03 OK
r-release-linux-x86_64 1.1.5 4.75 39.73 44.48 OK
r-release-macos-arm64 1.1.5 OK
r-release-macos-x86_64 1.1.5 OK
r-release-windows-ix86+x86_64 1.1.5 16.00 64.00 80.00 OK
r-oldrel-macos-x86_64 1.1.5 OK
r-oldrel-windows-ix86+x86_64 1.1.5 14.00 68.00 82.00 OK

Check Details

Version: 1.1.5
Check: compiled code
Result: NOTE
    File ‘ClickClust/libs/ClickClust.so’:
     Found no calls to: ‘R_registerRoutines’, ‘R_useDynamicSymbols’
    
    It is good practice to register native routines and to disable symbol
    search.
    
    See ‘Writing portable packages’ in the ‘Writing R Extensions’ manual.
Flavors: r-devel-linux-x86_64-fedora-clang, r-devel-linux-x86_64-fedora-gcc