CRAN Package Check Results for Package ClimMobTools

Last updated on 2020-06-04 05:48:56 CEST.

Flavor Version Tinstall Tcheck Ttotal Status Flags
r-devel-linux-x86_64-debian-clang 0.3.5 8.37 70.04 78.41 OK
r-devel-linux-x86_64-debian-gcc 0.3.5 6.64 55.40 62.04 OK
r-devel-linux-x86_64-fedora-clang 0.3.5 104.12 OK
r-devel-linux-x86_64-fedora-gcc 0.3.5 96.63 OK
r-devel-windows-ix86+x86_64 0.3.5 29.00 81.00 110.00 OK
r-patched-linux-x86_64 0.3.5 8.18 69.53 77.71 OK
r-patched-solaris-x86 0.3.5 153.60 OK
r-release-linux-x86_64 0.3.5 8.79 69.63 78.42 OK
r-release-osx-x86_64 0.3.5 ERROR
r-release-windows-ix86+x86_64 0.3.5 15.00 114.00 129.00 OK
r-oldrel-osx-x86_64 0.3.5 OK
r-oldrel-windows-ix86+x86_64 0.3.5 20.00 116.00 136.00 OK

Check Details

Version: 0.3.5
Check: whether the package can be loaded
Result: ERROR
    Loading this package had a fatal error status code 1
    Loading log:
    Loading required package: climatrends
    Loading required package: PlackettLuce
    Error: package or namespace load failed for ‘ClimMobTools’ in loadNamespace(j <- i[[1L]], c(lib.loc, .libPaths()), versionCheck = vI[[j]]):
     there is no package called ‘jsonlite’
    Execution halted
Flavor: r-release-osx-x86_64