CRAN Package Check Results for Package ClinSigMeasures

Last updated on 2022-01-28 05:48:52 CET.

Flavor Version Tinstall Tcheck Ttotal Status Flags
r-devel-linux-x86_64-debian-clang 1.0 1.83 28.83 30.66 NOTE
r-devel-linux-x86_64-debian-gcc 1.0 1.64 22.88 24.52 NOTE
r-devel-linux-x86_64-fedora-clang 1.0 39.22 NOTE
r-devel-linux-x86_64-fedora-gcc 1.0 29.02 NOTE
r-devel-windows-x86_64-new-UL 1.0 52.00 46.00 98.00 NOTE
r-devel-windows-x86_64-new-TK 1.0 NOTE
r-patched-linux-x86_64 1.0 1.47 27.53 29.00 NOTE
r-release-linux-x86_64 1.0 1.80 27.66 29.46 NOTE
r-release-macos-arm64 1.0 NOTE
r-release-macos-x86_64 1.0 NOTE
r-release-windows-ix86+x86_64 1.0 5.00 31.00 36.00 NOTE
r-oldrel-macos-x86_64 1.0 OK
r-oldrel-windows-ix86+x86_64 1.0 6.00 32.00 38.00 OK

Check Details

Version: 1.0
Check: LazyData
Result: NOTE
     'LazyData' is specified without a 'data' directory
Flavors: r-devel-linux-x86_64-debian-clang, r-devel-linux-x86_64-debian-gcc, r-devel-linux-x86_64-fedora-clang, r-devel-linux-x86_64-fedora-gcc, r-devel-windows-x86_64-new-UL, r-devel-windows-x86_64-new-TK, r-patched-linux-x86_64, r-release-linux-x86_64, r-release-macos-arm64, r-release-macos-x86_64, r-release-windows-ix86+x86_64