CRAN Package Check Results for Package ClustBlock

Last updated on 2022-01-26 05:54:10 CET.

Flavor Version Tinstall Tcheck Ttotal Status Flags
r-devel-linux-x86_64-debian-clang 2.4.0 10.76 104.19 114.95 OK
r-devel-linux-x86_64-debian-gcc 2.4.0 8.74 75.88 84.62 OK
r-devel-linux-x86_64-fedora-clang 2.4.0 134.09 OK
r-devel-linux-x86_64-fedora-gcc 2.4.0 129.55 OK
r-devel-windows-x86_64-new-UL 2.4.0 66.00 117.00 183.00 OK
r-devel-windows-x86_64-new-TK 2.4.0 ERROR
r-patched-linux-x86_64 2.4.0 10.78 94.76 105.54 OK
r-release-linux-x86_64 2.4.0 11.01 94.27 105.28 OK
r-release-macos-arm64 2.4.0 OK
r-release-macos-x86_64 2.4.0 OK
r-release-windows-ix86+x86_64 2.4.0 23.00 114.00 137.00 OK
r-oldrel-macos-x86_64 2.4.0 OK
r-oldrel-windows-ix86+x86_64 2.4.0 23.00 116.00 139.00 OK

Check Details

Version: 2.4.0
Check: package dependencies
Result: ERROR
    Package required but not available: 'FactoMineR'
    
    See section 'The DESCRIPTION file' in the 'Writing R Extensions'
    manual.
Flavor: r-devel-windows-x86_64-new-TK