CRAN Package Check Results for Package CoDiNA

Last updated on 2019-08-24 05:46:54 CEST.

Flavor Version Tinstall Tcheck Ttotal Status Flags
r-devel-linux-x86_64-debian-clang 1.1.1 5.18 107.80 112.98 NOTE
r-devel-linux-x86_64-debian-gcc 1.1.1 4.19 76.48 80.67 NOTE
r-devel-linux-x86_64-fedora-clang 1.1.1 129.62 OK
r-devel-linux-x86_64-fedora-gcc 1.1.1 119.49 OK
r-devel-windows-ix86+x86_64 1.1.1 9.00 105.00 114.00 NOTE
r-patched-linux-x86_64 1.1.1 4.94 99.65 104.59 OK
r-patched-solaris-x86 1.1.1 171.50 WARN
r-release-linux-x86_64 1.1.1 4.70 97.85 102.55 OK
r-release-windows-ix86+x86_64 1.1.1 14.00 143.00 157.00 OK
r-release-osx-x86_64 1.1.1 WARN
r-oldrel-windows-ix86+x86_64 1.1.1 8.00 146.00 154.00 OK
r-oldrel-osx-x86_64 1.1.1 WARN

Check Details

Version: 1.1.1
Check: package vignettes
Result: NOTE
    Package vignette with placeholder title 'Vignette Title':
     'Running-CoDiNA.Rmd'
Flavors: r-devel-linux-x86_64-debian-clang, r-devel-linux-x86_64-debian-gcc, r-devel-windows-ix86+x86_64

Version: 1.1.1
Check: re-building of vignette outputs
Result: WARN
    Error(s) in re-building vignettes:
     ...
    --- re-building ‘Running-CoDiNA.Rmd’ using rmarkdown
    Warning in engine$weave(file, quiet = quiet, encoding = enc) :
     Pandoc (>= 1.12.3) and/or pandoc-citeproc not available. Falling back to R Markdown v1.
    Quitting from lines 100-105 (Running-CoDiNA.Rmd)
    Error: processing vignette 'Running-CoDiNA.Rmd' failed with diagnostics:
    Saving a widget with selfcontained = TRUE requires pandoc. For details see:
    https://github.com/rstudio/rmarkdown/blob/master/PANDOC.md
    --- failed re-building ‘Running-CoDiNA.Rmd’
    
    SUMMARY: processing the following file failed:
     ‘Running-CoDiNA.Rmd’
    
    Error: Vignette re-building failed.
    Execution halted
Flavors: r-patched-solaris-x86, r-release-osx-x86_64

Version: 1.1.1
Check: re-building of vignette outputs
Result: WARN
    Error in re-building vignettes:
     ...
    Warning in engine$weave(file, quiet = quiet, encoding = enc) :
     Pandoc (>= 1.12.3) and/or pandoc-citeproc not available. Falling back to R Markdown v1.
    Quitting from lines 100-105 (Running-CoDiNA.Rmd)
    Error: processing vignette 'Running-CoDiNA.Rmd' failed with diagnostics:
    Saving a widget with selfcontained = TRUE requires pandoc. For details see:
    https://github.com/rstudio/rmarkdown/blob/master/PANDOC.md
    Execution halted
Flavor: r-oldrel-osx-x86_64