CRAN Package Check Results for Package CoTiMA

Last updated on 2022-01-23 05:57:48 CET.

Flavor Version Tinstall Tcheck Ttotal Status Flags
r-devel-linux-x86_64-debian-clang 0.5.2 44.99 271.41 316.40 OK
r-devel-linux-x86_64-debian-gcc 0.5.4 37.84 219.73 257.57 OK
r-devel-linux-x86_64-fedora-clang 0.5.4 384.96 NOTE
r-devel-linux-x86_64-fedora-gcc 0.5.4 369.36 NOTE
r-devel-windows-x86_64-new-UL 0.5.4 190.00 298.00 488.00 OK
r-devel-windows-x86_64-new-TK 0.5.4 ERROR
r-patched-linux-x86_64 0.5.4 46.41 262.18 308.59 OK
r-release-linux-x86_64 0.5.2 30.44 259.64 290.08 OK
r-release-macos-arm64 0.5.2 NOTE
r-release-macos-x86_64 0.5.4 NOTE
r-release-windows-ix86+x86_64 0.5.4 85.00 290.00 375.00 OK
r-oldrel-macos-x86_64 0.5.2 NOTE
r-oldrel-windows-ix86+x86_64 0.5.4 85.00 289.00 374.00 OK

Check Details

Version: 0.5.4
Check: data for non-ASCII characters
Result: NOTE
     Note: found 59 marked UTF-8 strings
Flavors: r-devel-linux-x86_64-fedora-clang, r-devel-linux-x86_64-fedora-gcc, r-release-macos-x86_64

Version: 0.5.4
Check: package dependencies
Result: ERROR
    Package required but not available: 'MBESS'
    
    See section 'The DESCRIPTION file' in the 'Writing R Extensions'
    manual.
Flavor: r-devel-windows-x86_64-new-TK

Version: 0.5.2
Check: data for non-ASCII characters
Result: NOTE
     Note: found 59 marked UTF-8 strings
Flavors: r-release-macos-arm64, r-oldrel-macos-x86_64