CRAN Package Check Results for Package ComplexUpset

Last updated on 2021-06-18 05:48:41 CEST.

Flavor Version Tinstall Tcheck Ttotal Status Flags
r-devel-linux-x86_64-debian-clang 1.3.0 5.78 61.14 66.92 OK
r-devel-linux-x86_64-debian-gcc 1.3.0 5.70 45.13 50.83 OK
r-devel-linux-x86_64-fedora-clang 1.3.0 87.84 OK
r-devel-linux-x86_64-fedora-gcc 1.3.0 77.09 OK
r-devel-windows-x86_64 1.3.0 12.00 80.00 92.00 OK
r-devel-windows-x86_64-gcc10-UCRT 1.3.0 NOTE
r-patched-linux-x86_64 1.3.0 7.15 56.76 63.91 OK
r-patched-solaris-x86 1.3.0 105.40 OK
r-release-linux-x86_64 1.3.0 6.60 56.79 63.39 OK
r-release-macos-arm64 1.2.1 OK
r-release-macos-x86_64 1.3.0 OK
r-release-windows-ix86+x86_64 1.3.0 17.00 82.00 99.00 OK
r-oldrel-macos-x86_64 1.3.0 OK
r-oldrel-windows-ix86+x86_64 1.3.0 12.00 70.00 82.00 OK

Check Details

Version: 1.3.0
Check: package dependencies
Result: NOTE
    Package suggested but not available for checking: 'vdiffr'
Flavor: r-devel-windows-x86_64-gcc10-UCRT