CRAN Package Check Results for Package CondiS

Last updated on 2023-12-11 05:51:47 CET.

Flavor Version Tinstall Tcheck Ttotal Status Flags
r-devel-linux-x86_64-debian-clang 0.1.2 14.55 166.59 181.14 OK
r-devel-linux-x86_64-debian-gcc 0.1.2 13.04 122.92 135.96 OK
r-devel-linux-x86_64-fedora-clang 0.1.2 218.57 NOTE
r-devel-linux-x86_64-fedora-gcc 0.1.2 225.68 NOTE
r-devel-windows-x86_64 0.1.2 15.00 135.00 150.00 OK
r-patched-linux-x86_64 0.1.2 14.25 157.11 171.36 OK
r-release-linux-x86_64 0.1.2 14.35 156.37 170.72 OK
r-release-macos-arm64 0.1.2 69.00 OK
r-release-macos-x86_64 0.1.2 122.00 OK
r-release-windows-x86_64 0.1.2 19.00 166.00 185.00 OK
r-oldrel-macos-arm64 0.1.2 57.00 NOTE
r-oldrel-macos-x86_64 0.1.2 99.00 NOTE
r-oldrel-windows-x86_64 0.1.2 19.00 169.00 188.00 OK

Check Details

Version: 0.1.2
Check: dependencies in R code
Result: NOTE Namespaces in Imports field not imported from: ‘kernlab’ ‘purrr’ ‘survminer’ ‘tidyverse’ All declared Imports should be used. Flavors: r-devel-linux-x86_64-fedora-clang, r-devel-linux-x86_64-fedora-gcc, r-oldrel-macos-arm64, r-oldrel-macos-x86_64