Last updated on 2023-01-28 05:56:18 CET.
Flavor | Version | Tinstall | Tcheck | Ttotal | Status | Flags |
---|---|---|---|---|---|---|
r-devel-linux-x86_64-debian-clang | 0.1.2 | 17.18 | 175.43 | 192.61 | OK | |
r-devel-linux-x86_64-debian-gcc | 0.1.2 | 12.53 | 130.30 | 142.83 | OK | |
r-devel-linux-x86_64-fedora-clang | 0.1.2 | 240.45 | NOTE | |||
r-devel-linux-x86_64-fedora-gcc | 0.1.2 | 236.62 | NOTE | |||
r-devel-windows-x86_64 | 0.1.2 | 20.00 | 197.00 | 217.00 | OK | |
r-patched-linux-x86_64 | 0.1.2 | 15.50 | 167.24 | 182.74 | OK | |
r-release-linux-x86_64 | 0.1.2 | 17.09 | 168.85 | 185.94 | OK | |
r-release-macos-arm64 | 0.1.2 | 57.00 | NOTE | |||
r-release-macos-x86_64 | 0.1.2 | 99.00 | NOTE | |||
r-release-windows-x86_64 | 0.1.2 | 29.00 | 203.00 | 232.00 | OK | |
r-oldrel-macos-arm64 | 0.1.2 | 43.00 | NOTE | |||
r-oldrel-macos-x86_64 | 0.1.2 | 85.00 | NOTE | |||
r-oldrel-windows-ix86+x86_64 | 0.1.2 | 40.00 | 198.00 | 238.00 | OK |
Version: 0.1.2
Check: dependencies in R code
Result: NOTE
Namespaces in Imports field not imported from:
‘kernlab’ ‘purrr’ ‘survminer’ ‘tidyverse’
All declared Imports should be used.
Flavors: r-devel-linux-x86_64-fedora-clang, r-devel-linux-x86_64-fedora-gcc, r-release-macos-arm64, r-release-macos-x86_64, r-oldrel-macos-arm64, r-oldrel-macos-x86_64