CRAN Package Check Results for Package ConfusionTableR

Last updated on 2024-06-13 06:57:57 CEST.

Flavor Version Tinstall Tcheck Ttotal Status Flags
r-devel-linux-x86_64-debian-clang 1.0.4 15.80 169.74 185.54 NOTE
r-devel-linux-x86_64-debian-gcc 1.0.4 0.38 1.72 2.10 ERROR
r-devel-linux-x86_64-fedora-clang 1.0.4 237.90 NOTE
r-devel-linux-x86_64-fedora-gcc 1.0.4 249.56 NOTE
r-devel-windows-x86_64 1.0.4 13.00 134.00 147.00 NOTE
r-patched-linux-x86_64 1.0.4 14.87 158.90 173.77 NOTE
r-release-linux-x86_64 1.0.4 9.59 160.09 169.68 NOTE
r-release-macos-arm64 1.0.4 89.00 NOTE
r-release-macos-x86_64 1.0.4 127.00 NOTE
r-release-windows-x86_64 1.0.4 13.00 146.00 159.00 NOTE
r-oldrel-macos-arm64 1.0.4 80.00 OK
r-oldrel-macos-x86_64 1.0.4 137.00 OK
r-oldrel-windows-x86_64 1.0.4 17.00 168.00 185.00 OK

Check Details

Version: 1.0.4
Check: Rd files
Result: NOTE checkRd: (-1) binary_class_cm.Rd:19: Lost braces in \itemize; \value handles \item{}{} directly checkRd: (-1) binary_class_cm.Rd:20: Lost braces in \itemize; \value handles \item{}{} directly checkRd: (-1) binary_class_cm.Rd:21: Lost braces in \itemize; \value handles \item{}{} directly checkRd: (-1) binary_class_cm.Rd:22: Lost braces in \itemize; \value handles \item{}{} directly checkRd: (-1) multi_class_cm.Rd:19: Lost braces in \itemize; \value handles \item{}{} directly checkRd: (-1) multi_class_cm.Rd:20: Lost braces in \itemize; \value handles \item{}{} directly checkRd: (-1) multi_class_cm.Rd:21: Lost braces in \itemize; \value handles \item{}{} directly checkRd: (-1) multi_class_cm.Rd:22: Lost braces in \itemize; \value handles \item{}{} directly Flavors: r-devel-linux-x86_64-debian-clang, r-devel-linux-x86_64-fedora-clang, r-devel-linux-x86_64-fedora-gcc, r-devel-windows-x86_64, r-patched-linux-x86_64, r-release-linux-x86_64, r-release-macos-arm64, r-release-macos-x86_64, r-release-windows-x86_64

Version: 1.0.4
Check: package dependencies
Result: ERROR Packages required but not available: 'dplyr', 'tidyr', 'caret', 'purrr', 'furrr' Package suggested but not available for checking: ‘FeatureTerminatoR’ See section ‘The DESCRIPTION file’ in the ‘Writing R Extensions’ manual. Flavor: r-devel-linux-x86_64-debian-gcc