CRAN Package Check Results for Package ConsReg

Last updated on 2022-12-08 06:56:39 CET.

Flavor Version Tinstall Tcheck Ttotal Status Flags
r-devel-linux-x86_64-debian-clang 0.1.0 4.54 57.14 61.68 OK
r-devel-linux-x86_64-debian-gcc 0.1.0 4.32 47.01 51.33 OK
r-devel-linux-x86_64-fedora-clang 0.1.0 91.15 NOTE
r-devel-linux-x86_64-fedora-gcc 0.1.0 96.79 NOTE
r-devel-windows-x86_64 0.1.0 20.00 102.00 122.00 OK
r-patched-linux-x86_64 0.1.0 4.71 56.68 61.39 OK
r-release-linux-x86_64 0.1.0 3.78 54.44 58.22 OK
r-release-macos-arm64 0.1.0 29.00 OK
r-release-macos-x86_64 0.1.0 44.00 OK
r-release-windows-x86_64 0.1.0 25.00 97.00 122.00 OK
r-oldrel-macos-arm64 0.1.0 35.00 OK
r-oldrel-macos-x86_64 0.1.0 53.00 OK
r-oldrel-windows-ix86+x86_64 0.1.0 16.00 115.00 131.00 OK

Check Details

Version: 0.1.0
Check: compiled code
Result: NOTE
    File ‘ConsReg/libs/ConsReg.so’:
     Found no calls to: ‘R_registerRoutines’, ‘R_useDynamicSymbols’
    
    It is good practice to register native routines and to disable symbol
    search.
    
    See ‘Writing portable packages’ in the ‘Writing R Extensions’ manual.
Flavors: r-devel-linux-x86_64-fedora-clang, r-devel-linux-x86_64-fedora-gcc