CRAN Package Check Results for Package CovTools

Last updated on 2019-07-16 05:48:08 CEST.

Flavor Version Tinstall Tcheck Ttotal Status Flags
r-devel-linux-x86_64-debian-clang 0.5.1 48.55 77.40 125.95 OK
r-devel-linux-x86_64-debian-gcc 0.5.1 39.42 62.78 102.20 OK
r-devel-linux-x86_64-fedora-clang 0.5.1 172.13 OK
r-devel-linux-x86_64-fedora-gcc 0.5.1 167.46 OK
r-devel-windows-ix86+x86_64 0.5.1 163.00 143.00 306.00 OK
r-patched-linux-x86_64 0.5.1 50.06 77.50 127.56 OK
r-patched-solaris-x86 0.5.1 248.20 OK
r-release-linux-x86_64 0.5.1 44.64 76.83 121.47 OK
r-release-windows-ix86+x86_64 0.5.1 104.00 166.00 270.00 OK
r-release-osx-x86_64 0.5.1 WARN
r-oldrel-windows-ix86+x86_64 0.5.1 140.00 121.00 261.00 OK
r-oldrel-osx-x86_64 0.5.1 OK

Check Details

Version: 0.5.1
Check: whether package can be installed
Result: WARN
    Found the following significant warnings:
     Warning: 'rgl_init' failed, running with rgl.useNULL = TRUE
Flavor: r-release-osx-x86_64

Version: 0.5.1
Check: Rd files
Result: WARN
    prepare_Rd: RGL: unable to open X11 display
    prepare_Rd: 'rgl_init' failed, running with rgl.useNULL = TRUE
Flavor: r-release-osx-x86_64