CRAN Package Check Results for Package CoxPlus

Last updated on 2019-10-17 05:47:01 CEST.

Flavor Version Tinstall Tcheck Ttotal Status Flags
r-devel-linux-x86_64-debian-clang 1.1.1 48.70 25.43 74.13 OK
r-devel-linux-x86_64-debian-gcc 1.1.1 36.74 20.77 57.51 OK
r-devel-linux-x86_64-fedora-clang 1.1.1 103.69 NOTE
r-devel-linux-x86_64-fedora-gcc 1.1.1 95.00 NOTE
r-devel-windows-ix86+x86_64 1.1.1 105.00 60.00 165.00 OK
r-patched-linux-x86_64 1.1.1 39.41 24.86 64.27 OK
r-patched-solaris-x86 1.1.1 103.30 OK
r-release-linux-x86_64 1.1.1 36.88 24.62 61.50 OK
r-release-windows-ix86+x86_64 1.1.1 85.00 61.00 146.00 OK
r-release-osx-x86_64 1.1.1 NOTE
r-oldrel-windows-ix86+x86_64 1.1.1 71.00 54.00 125.00 OK
r-oldrel-osx-x86_64 1.1.1 NOTE

Check Details

Version: 1.1.1
Check: installed package size
Result: NOTE
     installed size is 6.3Mb
     sub-directories of 1Mb or more:
     libs 6.2Mb
Flavors: r-devel-linux-x86_64-fedora-clang, r-release-osx-x86_64, r-oldrel-osx-x86_64

Version: 1.1.1
Check: compiled code
Result: NOTE
    File ‘CoxPlus/libs/CoxPlus.so’:
     Found no calls to: ‘R_registerRoutines’, ‘R_useDynamicSymbols’
    
    It is good practice to register native routines and to disable symbol
    search.
    
    See ‘Writing portable packages’ in the ‘Writing R Extensions’ manual.
Flavors: r-devel-linux-x86_64-fedora-clang, r-devel-linux-x86_64-fedora-gcc