CRAN Package Check Results for Package CoxPlus

Last updated on 2021-01-15 05:48:46 CET.

Flavor Version Tinstall Tcheck Ttotal Status Flags
r-devel-linux-x86_64-debian-clang 1.1.1 51.66 30.09 81.75 OK
r-devel-linux-x86_64-debian-gcc 1.1.1 35.99 23.24 59.23 OK
r-devel-linux-x86_64-fedora-clang 1.1.1 119.29 NOTE
r-devel-linux-x86_64-fedora-gcc 1.1.1 107.78 NOTE
r-devel-windows-ix86+x86_64 1.1.1 107.00 79.00 186.00 OK
r-patched-linux-x86_64 1.1.1 38.29 28.48 66.77 OK
r-patched-solaris-x86 1.1.1 112.40 OK
r-release-linux-x86_64 1.1.1 42.38 28.25 70.63 OK
r-release-macos-x86_64 1.1.1 NOTE
r-release-windows-ix86+x86_64 1.1.1 109.00 63.00 172.00 OK
r-oldrel-macos-x86_64 1.1.1 NOTE
r-oldrel-windows-ix86+x86_64 1.1.1 80.00 55.00 135.00 OK

Check Details

Version: 1.1.1
Check: installed package size
Result: NOTE
     installed size is 6.6Mb
     sub-directories of 1Mb or more:
     libs 6.5Mb
Flavors: r-devel-linux-x86_64-fedora-clang, r-release-macos-x86_64, r-oldrel-macos-x86_64

Version: 1.1.1
Check: compiled code
Result: NOTE
    File ‘CoxPlus/libs/CoxPlus.so’:
     Found no calls to: ‘R_registerRoutines’, ‘R_useDynamicSymbols’
    
    It is good practice to register native routines and to disable symbol
    search.
    
    See ‘Writing portable packages’ in the ‘Writing R Extensions’ manual.
Flavors: r-devel-linux-x86_64-fedora-clang, r-devel-linux-x86_64-fedora-gcc