CRAN Package Check Results for Package CropScapeR

Last updated on 2021-06-14 05:50:29 CEST.

Flavor Version Tinstall Tcheck Ttotal Status Flags
r-devel-linux-x86_64-debian-clang 1.1.2 3.05 29.07 32.12 OK
r-devel-linux-x86_64-debian-gcc 1.1.2 2.56 22.79 25.35 OK
r-devel-linux-x86_64-fedora-clang 1.1.2 47.59 OK
r-devel-linux-x86_64-fedora-gcc 1.1.2 37.30 OK
r-devel-windows-x86_64 1.1.2 5.00 45.00 50.00 OK
r-devel-windows-x86_64-gcc10-UCRT 1.1.2 ERROR
r-patched-linux-x86_64 1.1.2 3.50 28.30 31.80 OK
r-patched-solaris-x86 1.1.2 56.20 OK
r-release-linux-x86_64 1.1.2 2.64 28.30 30.94 OK
r-release-macos-arm64 1.1.2 OK
r-release-macos-x86_64 1.1.2 OK
r-release-windows-ix86+x86_64 1.1.2 13.00 46.00 59.00 OK
r-oldrel-macos-x86_64 1.1.2 OK
r-oldrel-windows-ix86+x86_64 1.1.2 16.00 46.00 62.00 OK

Check Details

Version: 1.1.2
Check: package dependencies
Result: ERROR
    Package required but not available: 'sf'
    
    See section 'The DESCRIPTION file' in the 'Writing R Extensions'
    manual.
Flavor: r-devel-windows-x86_64-gcc10-UCRT