CRAN Package Check Results for Package CytobankAPIstats

Last updated on 2019-10-22 05:47:12 CEST.

Flavor Version Tinstall Tcheck Ttotal Status Flags
r-devel-linux-x86_64-debian-clang 2.0 10.49 81.16 91.65 OK
r-devel-linux-x86_64-debian-gcc 2.0 9.36 62.24 71.60 OK
r-devel-linux-x86_64-fedora-clang 2.0 112.92 OK
r-devel-linux-x86_64-fedora-gcc 2.0 104.67 OK
r-devel-windows-ix86+x86_64 2.0 12.00 5.00 17.00 ERROR
r-patched-linux-x86_64 2.0 10.06 78.57 88.63 OK
r-patched-solaris-x86 2.0 122.40 OK
r-release-linux-x86_64 2.0 10.45 77.94 88.39 OK
r-release-windows-ix86+x86_64 2.0 23.00 72.00 95.00 OK
r-release-osx-x86_64 2.0 OK
r-oldrel-windows-ix86+x86_64 2.0 11.00 66.00 77.00 OK
r-oldrel-osx-x86_64 2.0 OK

Check Details

Version: 2.0
Check: whether package can be installed
Result: ERROR
    Installation failed.
Flavor: r-devel-windows-ix86+x86_64