CRAN Package Check Results for Package DAAG

Last updated on 2024-07-16 05:55:48 CEST.

Flavor Version Tinstall Tcheck Ttotal Status Flags
r-devel-linux-x86_64-debian-clang 1.25.6 9.58 117.63 127.21 OK
r-devel-linux-x86_64-debian-gcc 1.25.6 8.22 86.81 95.03 OK
r-devel-linux-x86_64-fedora-clang 1.25.6 167.58 OK
r-devel-linux-x86_64-fedora-gcc 1.25.6 164.62 OK
r-devel-windows-x86_64 1.25.6 11.00 150.00 161.00 NOTE
r-patched-linux-x86_64 1.25.6 16.50 113.87 130.37 OK
r-release-linux-x86_64 1.25.6 10.17 112.15 122.32 OK
r-release-macos-arm64 1.25.6 64.00 OK
r-release-macos-x86_64 1.25.6 87.00 OK
r-release-windows-x86_64 1.25.6 11.00 147.00 158.00 OK
r-oldrel-macos-arm64 1.25.6 61.00 OK
r-oldrel-macos-x86_64 1.25.6 144.00 OK
r-oldrel-windows-x86_64 1.25.6 14.00 178.00 192.00 OK

Check Details

Version: 1.25.6
Check: Rd cross-references
Result: NOTE Found the following Rd file(s) with Rd \link{} targets missing package anchors: DAAGtheme.Rd: theEconomist.theme, standard.theme, simpleTheme, custom.theme Please provide package anchors for all Rd \link{} targets not in the package itself and the base packages. Flavor: r-devel-windows-x86_64