CRAN Package Check Results for Package DBKGrad

Last updated on 2019-09-20 05:46:52 CEST.

Flavor Version Tinstall Tcheck Ttotal Status Flags
r-devel-linux-x86_64-debian-clang 1.7 11.72 95.66 107.38 OK
r-devel-linux-x86_64-debian-gcc 1.7 10.71 74.03 84.74 OK
r-devel-linux-x86_64-fedora-clang 1.7 131.48 OK
r-devel-linux-x86_64-fedora-gcc 1.7 129.68 OK
r-devel-windows-ix86+x86_64 1.7 55.00 110.00 165.00 OK
r-patched-linux-x86_64 1.7 11.28 92.69 103.97 OK
r-patched-solaris-x86 1.7 208.20 OK
r-release-linux-x86_64 1.7 12.39 93.29 105.68 OK
r-release-windows-ix86+x86_64 1.7 29.00 188.00 217.00 OK
r-release-osx-x86_64 1.7 ERROR
r-oldrel-windows-ix86+x86_64 1.7 16.00 112.00 128.00 OK
r-oldrel-osx-x86_64 1.7 ERROR

Check Details

Version: 1.7
Check: package dependencies
Result: ERROR
    Package required but not available: ‘SDD’
    
    See section ‘The DESCRIPTION file’ in the ‘Writing R Extensions’
    manual.
Flavors: r-release-osx-x86_64, r-oldrel-osx-x86_64