CRAN Package Check Results for Package DBKGrad

Last updated on 2019-06-26 06:47:21 CEST.

Flavor Version Tinstall Tcheck Ttotal Status Flags
r-devel-linux-x86_64-debian-clang 1.7 10.00 98.67 108.67 OK
r-devel-linux-x86_64-debian-gcc 1.7 9.61 76.66 86.27 OK
r-devel-linux-x86_64-fedora-clang 1.7 133.33 OK
r-devel-linux-x86_64-fedora-gcc 1.7 126.88 OK
r-devel-windows-ix86+x86_64 1.7 43.00 176.00 219.00 OK
r-patched-linux-x86_64 1.7 11.24 96.36 107.60 OK
r-patched-solaris-x86 1.7 221.30 OK
r-release-linux-x86_64 1.7 11.10 97.14 108.24 OK
r-release-windows-ix86+x86_64 1.7 27.00 153.00 180.00 OK
r-release-osx-x86_64 1.7 ERROR
r-oldrel-windows-ix86+x86_64 1.7 14.00 105.00 119.00 OK
r-oldrel-osx-x86_64 1.7 ERROR

Check Details

Version: 1.7
Check: package dependencies
Result: ERROR
    Package required but not available: ‘SDD’
    
    See section ‘The DESCRIPTION file’ in the ‘Writing R Extensions’
    manual.
Flavors: r-release-osx-x86_64, r-oldrel-osx-x86_64