CRAN Package Check Results for Package DClusterm

Last updated on 2021-11-30 05:53:16 CET.

Flavor Version Tinstall Tcheck Ttotal Status Flags
r-devel-linux-x86_64-debian-clang 1.0-1 33.86 400.56 434.42 NOTE
r-devel-linux-x86_64-debian-gcc 1.0-1 26.83 296.17 323.00 NOTE
r-devel-linux-x86_64-fedora-clang 1.0-1 516.76 NOTE
r-devel-linux-x86_64-fedora-gcc 1.0-1 537.93 NOTE
r-devel-windows-x86_64-new-UL 1.0-1 52.00 334.00 386.00 NOTE --no-vignettes
r-devel-windows-x86_64-new-TK 1.0-1 NOTE
r-devel-windows-x86_64-old 1.0-1 48.00 250.00 298.00 OK --no-vignettes
r-patched-linux-x86_64 1.0-1 33.70 375.06 408.76 NOTE
r-patched-solaris-x86 1.0-1 1543.50 NOTE
r-release-linux-x86_64 1.0-1 30.32 376.22 406.54 NOTE
r-release-macos-arm64 1.0-1 NOTE
r-release-macos-x86_64 1.0-1 NOTE
r-release-windows-ix86+x86_64 1.0-1 75.00 225.00 300.00 OK --no-vignettes
r-oldrel-macos-x86_64 1.0-1 NOTE
r-oldrel-windows-ix86+x86_64 1.0-1 53.00 346.00 399.00 OK --no-vignettes

Check Details

Version: 1.0-1
Check: package dependencies
Result: NOTE
    Package suggested but not available for checking: 'INLA'
Flavors: r-devel-linux-x86_64-debian-clang, r-devel-linux-x86_64-debian-gcc, r-devel-windows-x86_64-new-TK, r-patched-linux-x86_64, r-patched-solaris-x86, r-release-linux-x86_64, r-release-macos-arm64, r-release-macos-x86_64, r-oldrel-macos-x86_64

Version: 1.0-1
Check: data for non-ASCII characters
Result: NOTE
     Note: found 2 marked Latin-1 strings
Flavors: r-devel-linux-x86_64-fedora-clang, r-devel-linux-x86_64-fedora-gcc, r-devel-windows-x86_64-new-TK, r-patched-solaris-x86, r-release-macos-arm64, r-release-macos-x86_64, r-oldrel-macos-x86_64

Version: 1.0-1
Flags: --no-vignettes
Check: package dependencies
Result: NOTE
    Package suggested but not available for checking: 'INLA'
Flavor: r-devel-windows-x86_64-new-UL