CRAN Package Check Results for Package DClusterm

Last updated on 2019-08-19 05:46:21 CEST.

Flavor Version Tinstall Tcheck Ttotal Status Flags
r-devel-linux-x86_64-debian-clang 0.2-1 12.76 174.15 186.91 NOTE
r-devel-linux-x86_64-debian-gcc 0.2-1 11.27 133.74 145.01 NOTE
r-devel-linux-x86_64-fedora-clang 0.2-1 222.23 NOTE
r-devel-linux-x86_64-fedora-gcc 0.2-1 224.03 NOTE
r-devel-windows-ix86+x86_64 0.2-1 33.00 272.00 305.00 OK --no-vignettes
r-patched-linux-x86_64 0.2-1 11.20 168.33 179.53 NOTE
r-patched-solaris-x86 0.2-1 1014.30 NOTE
r-release-linux-x86_64 0.2-1 12.12 169.00 181.12 NOTE
r-release-windows-ix86+x86_64 0.2-1 22.00 109.00 131.00 OK --no-vignettes
r-release-osx-x86_64 0.2-1 NOTE
r-oldrel-windows-ix86+x86_64 0.2-1 19.00 153.00 172.00 OK --no-vignettes
r-oldrel-osx-x86_64 0.2-1 NOTE

Check Details

Version: 0.2-1
Check: package dependencies
Result: NOTE
    Package suggested but not available for checking: 'INLA'
Flavors: r-devel-linux-x86_64-debian-clang, r-devel-linux-x86_64-debian-gcc, r-patched-linux-x86_64, r-patched-solaris-x86, r-release-linux-x86_64, r-release-osx-x86_64, r-oldrel-osx-x86_64

Version: 0.2-1
Check: dependencies in R code
Result: NOTE
    Namespaces in Imports field not imported from:
     ‘RColorBrewer’ ‘gridExtra’ ‘latticeExtra’
     All declared Imports should be used.
Flavors: r-devel-linux-x86_64-fedora-clang, r-devel-linux-x86_64-fedora-gcc, r-patched-solaris-x86, r-release-osx-x86_64, r-oldrel-osx-x86_64

Version: 0.2-1
Check: data for non-ASCII characters
Result: NOTE
     Note: found 2 marked Latin-1 strings
Flavors: r-devel-linux-x86_64-fedora-clang, r-devel-linux-x86_64-fedora-gcc, r-patched-solaris-x86, r-release-osx-x86_64, r-oldrel-osx-x86_64