CRAN Package Check Results for Package DDPNA

Last updated on 2019-12-15 05:47:36 CET.

Flavor Version Tinstall Tcheck Ttotal Status Flags
r-devel-linux-x86_64-debian-clang 0.2.1 18.77 176.81 195.58 OK
r-devel-linux-x86_64-debian-gcc 0.2.1 16.26 133.88 150.14 OK
r-devel-linux-x86_64-fedora-clang 0.2.1 248.99 OK
r-devel-linux-x86_64-fedora-gcc 0.2.1 225.03 OK
r-devel-windows-ix86+x86_64 0.2.1 43.00 178.00 221.00 OK
r-devel-windows-ix86+x86_64-gcc8 0.2.1 62.00 293.00 355.00 OK
r-patched-linux-x86_64 0.2.1 14.31 153.15 167.46 OK
r-patched-solaris-x86 0.2.1 291.20 OK
r-release-linux-x86_64 0.2.1 15.14 154.43 169.57 OK
r-release-windows-ix86+x86_64 0.2.1 33.00 156.00 189.00 OK
r-release-osx-x86_64 0.2.1 WARN
r-oldrel-windows-ix86+x86_64 0.2.1 21.00 161.00 182.00 WARN
r-oldrel-osx-x86_64 0.2.1 OK

Check Details

Version: 0.2.1
Check: package dependencies
Result: NOTE
    Packages suggested but not available for checking:
     'WGCNA', 'Biostrings', 'impute'
Flavor: r-release-osx-x86_64

Version: 0.2.1
Check: data for non-ASCII characters
Result: WARN
     Error loading dataset 'Sample_ID_data':
     Error in .requirePackage(package) :
     unable to find required package 'Biostrings'
    
     The dataset(s) may use package(s) not declared in the DESCRIPTION file.
Flavor: r-release-osx-x86_64

Version: 0.2.1
Check: whether package can be installed
Result: WARN
    Found the following significant warnings:
     Warning: unable to re-encode 'missing_value_impute.R' line 216
Flavor: r-oldrel-windows-ix86+x86_64