CRAN Package Check Results for Package DEoptim

Last updated on 2022-10-07 05:51:53 CEST.

Flavor Version Tinstall Tcheck Ttotal Status Flags
r-devel-linux-x86_64-debian-clang 2.2-6 3.85 29.09 32.94 OK
r-devel-linux-x86_64-debian-gcc 2.2-6 2.94 22.26 25.20 NOTE
r-devel-linux-x86_64-fedora-clang 2.2-6 52.32 OK
r-devel-linux-x86_64-fedora-gcc 2.2-6 50.02 OK
r-devel-windows-x86_64 2.2-6 15.00 58.00 73.00 OK
r-patched-linux-x86_64 2.2-6 3.90 27.01 30.91 OK
r-release-linux-x86_64 2.2-6 3.50 26.84 30.34 OK
r-release-macos-arm64 2.2-6 17.00 OK
r-release-macos-x86_64 2.2-6 25.00 OK
r-release-windows-x86_64 2.2-6 22.00 54.00 76.00 OK
r-oldrel-macos-arm64 2.2-6 26.00 OK
r-oldrel-macos-x86_64 2.2-6 32.00 OK
r-oldrel-windows-ix86+x86_64 2.2-6 20.00 58.00 78.00 OK

Check Details

Version: 2.2-6
Check: compilation flags used
Result: NOTE
    Compilation used the following non-portable flag(s):
     ‘-Wstrict-prototypes’
Flavor: r-devel-linux-x86_64-debian-gcc