CRAN Package Check Results for Package DIFshiny

Last updated on 2022-01-24 05:51:46 CET.

Flavor Version Tinstall Tcheck Ttotal Status Flags
r-devel-linux-x86_64-debian-clang 0.1.0 8.99 94.88 103.87 NOTE
r-devel-linux-x86_64-debian-gcc 0.1.0 8.25 73.55 81.80 NOTE
r-devel-linux-x86_64-fedora-clang 0.1.0 141.48 NOTE
r-devel-linux-x86_64-fedora-gcc 0.1.0 115.64 NOTE
r-devel-windows-x86_64-new-UL 0.1.0 21.00 115.00 136.00 NOTE
r-devel-windows-x86_64-new-TK 0.1.0 ERROR
r-patched-linux-x86_64 0.1.0 8.00 90.86 98.86 NOTE
r-release-linux-x86_64 0.1.0 11.00 92.74 103.74 NOTE
r-release-macos-arm64 0.1.0 NOTE
r-release-macos-x86_64 0.1.0 NOTE
r-release-windows-ix86+x86_64 0.1.0 26.00 109.00 135.00 NOTE
r-oldrel-macos-x86_64 0.1.0 OK
r-oldrel-windows-ix86+x86_64 0.1.0 27.00 108.00 135.00 OK

Check Details

Version: 0.1.0
Check: LazyData
Result: NOTE
     'LazyData' is specified without a 'data' directory
Flavors: r-devel-linux-x86_64-debian-clang, r-devel-linux-x86_64-debian-gcc, r-devel-linux-x86_64-fedora-clang, r-devel-linux-x86_64-fedora-gcc, r-devel-windows-x86_64-new-UL, r-patched-linux-x86_64, r-release-linux-x86_64, r-release-macos-arm64, r-release-macos-x86_64, r-release-windows-ix86+x86_64

Version: 0.1.0
Check: package dependencies
Result: ERROR
    Package required but not available: 'difR'
    
    See section 'The DESCRIPTION file' in the 'Writing R Extensions'
    manual.
Flavor: r-devel-windows-x86_64-new-TK