CRAN Package Check Results for Package DIscBIO

Last updated on 2021-11-27 05:49:35 CET.

Flavor Version Tinstall Tcheck Ttotal Status Flags
r-devel-linux-x86_64-debian-clang 1.2.0 OK
r-devel-linux-x86_64-debian-gcc 1.2.0 51.60 342.89 394.49 OK
r-devel-linux-x86_64-fedora-clang 1.2.0 652.62 OK
r-devel-linux-x86_64-fedora-gcc 1.2.0 657.28 OK
r-devel-windows-x86_64-new-UL 1.2.0 104.00 503.00 607.00 OK
r-devel-windows-x86_64-new-TK 1.2.0 OK
r-devel-windows-x86_64-old 1.2.0 77.00 392.00 469.00 OK
r-patched-linux-x86_64 1.2.0 55.32 432.38 487.70 OK
r-release-linux-x86_64 1.2.0 OK
r-release-macos-arm64 1.2.0 OK
r-release-macos-x86_64 1.2.0 OK
r-release-windows-ix86+x86_64 1.2.0 122.00 477.00 599.00 OK
r-oldrel-macos-x86_64 1.2.0 ERROR
r-oldrel-windows-ix86+x86_64 1.2.0 115.00 446.00 561.00 OK

Check Details

Version: 1.2.0
Check: package dependencies
Result: ERROR
    Package required but not available: ‘TSCAN’
    
    See section ‘The DESCRIPTION file’ in the ‘Writing R Extensions’
    manual.
Flavor: r-oldrel-macos-x86_64