CRAN Package Check Results for Package DLL

Last updated on 2022-08-17 05:58:24 CEST.

Flavor Version Tinstall Tcheck Ttotal Status Flags
r-devel-linux-x86_64-debian-clang 1.0.0 7.50 75.56 83.06 OK
r-devel-linux-x86_64-debian-gcc 1.0.0 OK
r-devel-linux-x86_64-fedora-clang 1.0.0 110.86 NOTE
r-devel-linux-x86_64-fedora-gcc 1.0.0 113.69 NOTE
r-devel-windows-x86_64 1.0.0 12.00 95.00 107.00 OK
r-patched-linux-x86_64 1.0.0 9.20 73.85 83.05 OK
r-release-linux-x86_64 1.0.0 8.75 74.11 82.86 OK
r-release-macos-arm64 1.0.0 32.00 NOTE
r-release-macos-x86_64 1.0.0 47.00 NOTE
r-release-windows-x86_64 1.0.0 10.00 96.00 106.00 OK
r-oldrel-macos-arm64 1.0.0 30.00 NOTE
r-oldrel-macos-x86_64 1.0.0 45.00 NOTE
r-oldrel-windows-ix86+x86_64 1.0.0 17.00 95.00 112.00 OK

Check Details

Version: 1.0.0
Check: dependencies in R code
Result: NOTE
    Namespace in Imports field not imported from: ‘MASS’
     All declared Imports should be used.
Flavors: r-devel-linux-x86_64-fedora-clang, r-devel-linux-x86_64-fedora-gcc, r-release-macos-arm64, r-release-macos-x86_64, r-oldrel-macos-arm64, r-oldrel-macos-x86_64