CRAN Package Check Results for Package DNAtools

Last updated on 2019-10-17 05:47:02 CEST.

Flavor Version Tinstall Tcheck Ttotal Status Flags
r-devel-linux-x86_64-debian-clang 0.1-22 41.62 59.32 100.94 OK
r-devel-linux-x86_64-debian-gcc 0.1-22 29.74 45.91 75.65 OK
r-devel-linux-x86_64-fedora-clang 0.1-22 130.32 NOTE
r-devel-linux-x86_64-fedora-gcc 0.1-22 125.14 NOTE
r-devel-windows-ix86+x86_64 0.1-22 93.00 104.00 197.00 OK
r-patched-linux-x86_64 0.1-22 33.17 57.99 91.16 OK
r-patched-solaris-x86 0.1-22 136.30 OK
r-release-linux-x86_64 0.1-22 32.55 58.24 90.79 OK
r-release-windows-ix86+x86_64 0.1-22 66.00 151.00 217.00 OK
r-release-osx-x86_64 0.1-22 OK
r-oldrel-windows-ix86+x86_64 0.1-22 63.00 100.00 163.00 OK
r-oldrel-osx-x86_64 0.1-22 OK

Check Details

Version: 0.1-22
Check: compiled code
Result: NOTE
    File ‘DNAtools/libs/DNAtools.so’:
     Found no calls to: ‘R_registerRoutines’, ‘R_useDynamicSymbols’
    
    It is good practice to register native routines and to disable symbol
    search.
    
    See ‘Writing portable packages’ in the ‘Writing R Extensions’ manual.
Flavors: r-devel-linux-x86_64-fedora-clang, r-devel-linux-x86_64-fedora-gcc