CRAN Package Check Results for Package DNAtools

Last updated on 2020-05-30 05:48:01 CEST.

Flavor Version Tinstall Tcheck Ttotal Status Flags
r-devel-linux-x86_64-debian-clang 0.2-2 72.80 70.47 143.27 NOTE
r-devel-linux-x86_64-debian-gcc 0.2-2 53.83 54.64 108.47 NOTE
r-devel-linux-x86_64-fedora-clang 0.2-2 202.10 NOTE
r-devel-linux-x86_64-fedora-gcc 0.2-2 174.75 NOTE
r-devel-windows-ix86+x86_64 0.2-2 176.00 198.00 374.00 NOTE
r-patched-linux-x86_64 0.2-2 57.56 70.34 127.90 NOTE
r-patched-solaris-x86 0.2-2 179.80 NOTE
r-release-linux-x86_64 0.2-2 53.59 70.01 123.60 NOTE
r-release-osx-x86_64 0.2-2 NOTE
r-release-windows-ix86+x86_64 0.2-2 145.00 113.00 258.00 NOTE
r-oldrel-osx-x86_64 0.2-2 NOTE
r-oldrel-windows-ix86+x86_64 0.2-2 203.00 114.00 317.00 NOTE

Additional issues

noLD

Check Details

Version: 0.2-2
Check: for GNU extensions in Makefiles
Result: NOTE
    GNU make is a SystemRequirements.
Flavors: r-devel-linux-x86_64-debian-clang, r-devel-linux-x86_64-debian-gcc, r-devel-linux-x86_64-fedora-clang, r-devel-linux-x86_64-fedora-gcc, r-devel-windows-ix86+x86_64, r-patched-linux-x86_64, r-patched-solaris-x86, r-release-linux-x86_64, r-release-osx-x86_64, r-release-windows-ix86+x86_64, r-oldrel-osx-x86_64, r-oldrel-windows-ix86+x86_64