CRAN Package Check Results for Package DRIP

Last updated on 2020-05-30 05:48:01 CEST.

Flavor Version Tinstall Tcheck Ttotal Status Flags
r-devel-linux-x86_64-debian-clang 1.4 16.31 45.66 61.97 OK
r-devel-linux-x86_64-debian-gcc 1.4 16.90 31.54 48.44 OK
r-devel-linux-x86_64-fedora-clang 1.4 82.36 OK
r-devel-linux-x86_64-fedora-gcc 1.4 77.70 OK
r-devel-windows-ix86+x86_64 1.4 65.00 112.00 177.00 OK
r-patched-linux-x86_64 1.4 17.95 46.09 64.04 OK
r-patched-solaris-x86 1.4 107.20 OK
r-release-linux-x86_64 1.4 16.08 45.42 61.50 OK
r-release-osx-x86_64 1.4 ERROR
r-release-windows-ix86+x86_64 1.4 55.00 117.00 172.00 OK
r-oldrel-osx-x86_64 1.4 OK
r-oldrel-windows-ix86+x86_64 1.4 73.00 103.00 176.00 OK

Check Details

Version: 1.4
Check: whether package can be installed
Result: ERROR
    Installation failed.
Flavor: r-release-osx-x86_64