CRAN Package Check Results for Package DSOpal

Last updated on 2024-07-24 06:57:13 CEST.

Flavor Version Tinstall Tcheck Ttotal Status Flags
r-devel-linux-x86_64-debian-clang 1.4.0 7.06 55.19 62.25 OK
r-devel-linux-x86_64-debian-gcc 1.4.0 5.87 41.85 47.72 NOTE
r-devel-linux-x86_64-fedora-clang 1.4.0 77.85 OK
r-devel-linux-x86_64-fedora-gcc 1.4.0 73.13 OK
r-devel-windows-x86_64 1.4.0 8.00 69.00 77.00 NOTE
r-patched-linux-x86_64 1.4.0 13.23 51.59 64.82 OK
r-release-linux-x86_64 1.4.0 4.93 52.91 57.84 OK
r-release-macos-arm64 1.4.0 24.00 OK
r-release-macos-x86_64 1.4.0 38.00 OK
r-release-windows-x86_64 1.4.0 7.00 70.00 77.00 OK
r-oldrel-macos-arm64 1.4.0 27.00 OK
r-oldrel-macos-x86_64 1.4.0 42.00 OK
r-oldrel-windows-x86_64 1.4.0 10.00 79.00 89.00 OK

Check Details

Version: 1.4.0
Check: Rd cross-references
Result: NOTE Found the following Rd file(s) with Rd \link{} targets missing package anchors: OpalConnection-class.Rd: DSConnection-class OpalDriver-class.Rd: DSDriver-class OpalResult-class.Rd: DSResult-class Please provide package anchors for all Rd \link{} targets not in the package itself and the base packages. Flavors: r-devel-linux-x86_64-debian-gcc, r-devel-windows-x86_64