Last updated on 2023-01-29 05:49:33 CET.
Flavor | Version | Tinstall | Tcheck | Ttotal | Status | Flags |
---|---|---|---|---|---|---|
r-devel-linux-x86_64-debian-clang | 0.4.2 | 14.65 | 154.61 | 169.26 | OK | |
r-devel-linux-x86_64-debian-gcc | 0.4.2 | 10.64 | 114.70 | 125.34 | OK | |
r-devel-linux-x86_64-fedora-clang | 0.4.2 | 218.15 | NOTE | |||
r-devel-linux-x86_64-fedora-gcc | 0.4.2 | 212.09 | NOTE | |||
r-devel-windows-x86_64 | 0.4.2 | 20.00 | 256.00 | 276.00 | OK | |
r-patched-linux-x86_64 | 0.4.2 | 12.73 | 147.28 | 160.01 | OK | |
r-release-linux-x86_64 | 0.4.2 | 12.03 | 147.00 | 159.03 | OK | |
r-release-macos-arm64 | 0.4.2 | 69.00 | NOTE | |||
r-release-macos-x86_64 | 0.4.2 | 121.00 | NOTE | |||
r-release-windows-x86_64 | 0.4.2 | 77.00 | 249.00 | 326.00 | OK | |
r-oldrel-macos-arm64 | 0.4.2 | 54.00 | NOTE | |||
r-oldrel-macos-x86_64 | 0.4.2 | 76.00 | NOTE | |||
r-oldrel-windows-ix86+x86_64 | 0.4.2 | 28.00 | 185.00 | 213.00 | OK |
Version: 0.4.2
Check: dependencies in R code
Result: NOTE
Namespace in Imports field not imported from: ‘DT’
All declared Imports should be used.
Flavors: r-devel-linux-x86_64-fedora-clang, r-devel-linux-x86_64-fedora-gcc, r-release-macos-arm64, r-release-macos-x86_64, r-oldrel-macos-arm64, r-oldrel-macos-x86_64