CRAN Package Check Results for Package DVHmetrics

Last updated on 2022-01-22 05:10:15 CET.

Flavor Version Tinstall Tcheck Ttotal Status Flags
r-devel-linux-x86_64-debian-clang 0.4.1 11.54 148.85 160.39 OK
r-devel-linux-x86_64-debian-gcc 0.4.1 9.43 108.76 118.19 OK
r-devel-linux-x86_64-fedora-clang 0.4.1 201.34 NOTE
r-devel-linux-x86_64-fedora-gcc 0.4.1 188.72 NOTE
r-devel-windows-x86_64-new-UL 0.4.1 111.00 233.00 344.00 OK
r-devel-windows-x86_64-new-TK 0.4.1 NOTE
r-patched-linux-x86_64 0.4.1 12.01 137.09 149.10 OK
r-release-linux-x86_64 0.4.1 12.07 138.98 151.05 OK
r-release-macos-arm64 0.4.1 NOTE
r-release-macos-x86_64 0.4.1 NOTE
r-release-windows-ix86+x86_64 0.4.1 25.00 178.00 203.00 OK
r-oldrel-macos-x86_64 0.4.1 NOTE
r-oldrel-windows-ix86+x86_64 0.4.1 26.00 173.00 199.00 OK

Check Details

Version: 0.4.1
Check: dependencies in R code
Result: NOTE
    Namespace in Imports field not imported from: ‘DT’
     All declared Imports should be used.
Flavors: r-devel-linux-x86_64-fedora-clang, r-devel-linux-x86_64-fedora-gcc, r-devel-windows-x86_64-new-TK, r-release-macos-arm64, r-release-macos-x86_64, r-oldrel-macos-x86_64