CRAN Package Check Results for Package DataClean

Last updated on 2019-10-21 05:46:57 CEST.

Flavor Version Tinstall Tcheck Ttotal Status Flags
r-devel-linux-x86_64-debian-clang 1.0 7.52 76.09 83.61 OK
r-devel-linux-x86_64-debian-gcc 1.0 6.78 55.14 61.92 OK
r-devel-linux-x86_64-fedora-clang 1.0 105.53 OK
r-devel-linux-x86_64-fedora-gcc 1.0 100.50 OK
r-devel-windows-ix86+x86_64 1.0 10.00 7.00 17.00 ERROR
r-patched-linux-x86_64 1.0 7.64 75.81 83.45 OK
r-patched-solaris-x86 1.0 93.20 OK
r-release-linux-x86_64 1.0 8.30 76.27 84.57 OK
r-release-windows-ix86+x86_64 1.0 18.00 79.00 97.00 OK
r-release-osx-x86_64 1.0 OK
r-oldrel-windows-ix86+x86_64 1.0 8.00 65.00 73.00 OK
r-oldrel-osx-x86_64 1.0 OK

Check Details

Version: 1.0
Check: whether package can be installed
Result: ERROR
    Installation failed.
Flavor: r-devel-windows-ix86+x86_64