CRAN Package Check Results for Package DataCombine

Last updated on 2021-06-21 05:49:35 CEST.

Flavor Version Tinstall Tcheck Ttotal Status Flags
r-devel-linux-x86_64-debian-clang 0.2.21 5.63 51.99 57.62 OK
r-devel-linux-x86_64-debian-gcc 0.2.21 4.18 38.45 42.63 OK
r-devel-linux-x86_64-fedora-clang 0.2.21 74.89 OK
r-devel-linux-x86_64-fedora-gcc 0.2.21 65.85 OK
r-devel-windows-x86_64 0.2.21 8.00 70.00 78.00 OK
r-devel-windows-x86_64-gcc10-UCRT 0.2.21 NOTE
r-patched-linux-x86_64 0.2.21 8.96 48.06 57.02 OK
r-patched-solaris-x86 0.2.21 92.40 OK
r-release-linux-x86_64 0.2.21 4.79 48.66 53.45 OK
r-release-macos-arm64 0.2.21 OK
r-release-macos-x86_64 0.2.21 OK
r-release-windows-ix86+x86_64 0.2.21 12.00 71.00 83.00 OK
r-oldrel-macos-x86_64 0.2.21 OK

Check Details

Version: 0.2.21
Check: package dependencies
Result: NOTE
    Package suggested but not available for checking: 'devtools'
Flavor: r-devel-windows-x86_64-gcc10-UCRT