CRAN Package Check Results for Package DeLorean

Last updated on 2022-01-28 05:48:54 CET.

Flavor Version Tinstall Tcheck Ttotal Status Flags
r-devel-linux-x86_64-debian-clang 1.5.0 470.69 374.70 845.39 NOTE
r-devel-linux-x86_64-debian-gcc 1.5.0 411.67 299.68 711.35 NOTE
r-devel-linux-x86_64-fedora-clang 1.5.0 1156.93 NOTE
r-devel-linux-x86_64-fedora-gcc 1.5.0 1217.13 NOTE
r-devel-windows-x86_64-new-UL 1.5.0 447.00 437.00 884.00 NOTE
r-devel-windows-x86_64-new-TK 1.5.0 NOTE
r-patched-linux-x86_64 1.5.0 357.92 369.38 727.30 NOTE
r-release-linux-x86_64 1.5.0 342.40 363.53 705.93 NOTE
r-release-macos-arm64 1.5.0 NOTE
r-release-macos-x86_64 1.5.0 NOTE
r-release-windows-ix86+x86_64 1.5.0 1052.00 461.00 1513.00 NOTE
r-oldrel-macos-x86_64 1.5.0 NOTE
r-oldrel-windows-ix86+x86_64 1.5.0 1049.00 470.00 1519.00 NOTE

Check Details

Version: 1.5.0
Check: for GNU extensions in Makefiles
Result: NOTE
    GNU make is a SystemRequirements.
Flavors: r-devel-linux-x86_64-debian-clang, r-devel-linux-x86_64-debian-gcc, r-devel-linux-x86_64-fedora-clang, r-devel-linux-x86_64-fedora-gcc, r-devel-windows-x86_64-new-UL, r-devel-windows-x86_64-new-TK, r-patched-linux-x86_64, r-release-linux-x86_64, r-release-macos-arm64, r-release-macos-x86_64, r-release-windows-ix86+x86_64, r-oldrel-macos-x86_64, r-oldrel-windows-ix86+x86_64

Version: 1.5.0
Check: installed package size
Result: NOTE
     installed size is 77.3Mb
     sub-directories of 1Mb or more:
     libs 74.5Mb
Flavors: r-devel-linux-x86_64-fedora-clang, r-devel-windows-x86_64-new-UL, r-release-macos-arm64, r-release-macos-x86_64, r-release-windows-ix86+x86_64, r-oldrel-macos-x86_64, r-oldrel-windows-ix86+x86_64

Version: 1.5.0
Check: top-level files
Result: NOTE
    ‘configure’: /bin/bash is not portable
Flavors: r-devel-linux-x86_64-fedora-clang, r-devel-linux-x86_64-fedora-gcc

Version: 1.5.0
Check: dependencies in R code
Result: NOTE
    Namespace in Imports field not imported from: ‘lattice’
     All declared Imports should be used.
Flavors: r-devel-linux-x86_64-fedora-clang, r-devel-linux-x86_64-fedora-gcc, r-devel-windows-x86_64-new-TK, r-release-macos-arm64, r-release-macos-x86_64, r-oldrel-macos-x86_64

Version: 1.5.0
Check: line endings in C/C++/Fortran sources/headers
Result: NOTE
    Found the following sources/headers with CR or CRLF line endings:
     src/stan_files/exact.hpp
     src/stan_files/exactsizes.hpp
     src/stan_files/lowrank.hpp
     src/stan_files/lowranksizes.hpp
    Some Unix compilers require LF line endings.
Flavor: r-devel-windows-x86_64-new-TK