CRAN Package Check Results for Package DecorateR

Last updated on 2019-12-07 05:47:29 CET.

Flavor Version Tinstall Tcheck Ttotal Status Flags
r-devel-linux-x86_64-debian-clang 0.1.1 7.71 71.89 79.60 OK
r-devel-linux-x86_64-debian-gcc 0.1.1 6.66 55.20 61.86 OK
r-devel-linux-x86_64-fedora-clang 0.1.1 103.96 OK
r-devel-linux-x86_64-fedora-gcc 0.1.1 99.24 OK
r-devel-windows-ix86+x86_64 0.1.1 7.00 7.00 14.00 ERROR
r-devel-windows-ix86+x86_64-gcc8 0.1.1 7.00 6.00 13.00 ERROR
r-patched-linux-x86_64 0.1.1 7.59 68.09 75.68 OK
r-release-linux-x86_64 0.1.1 7.59 68.55 76.14 OK
r-release-windows-ix86+x86_64 0.1.1 16.00 68.00 84.00 OK
r-release-osx-x86_64 0.1.1 OK
r-oldrel-windows-ix86+x86_64 0.1.1 7.00 89.00 96.00 OK
r-oldrel-osx-x86_64 0.1.1 OK

Check Details

Version: 0.1.1
Check: whether package can be installed
Result: ERROR
    Installation failed.
Flavors: r-devel-windows-ix86+x86_64, r-devel-windows-ix86+x86_64-gcc8