CRAN Package Check Results for Package DeducerText

Last updated on 2021-11-27 05:49:34 CET.

Flavor Version Tinstall Tcheck Ttotal Status Flags
r-devel-linux-x86_64-debian-clang 0.1-2 NOTE
r-devel-linux-x86_64-debian-gcc 0.1-2 15.37 105.58 120.95 NOTE
r-devel-linux-x86_64-fedora-clang 0.1-2 169.63 NOTE
r-devel-linux-x86_64-fedora-gcc 0.1-2 158.58 NOTE
r-devel-windows-x86_64-new-UL 0.1-2 28.00 165.00 193.00 NOTE
r-devel-windows-x86_64-new-TK 0.1-2 NOTE
r-devel-windows-x86_64-old 0.1-2 22.00 155.00 177.00 NOTE
r-patched-linux-x86_64 0.1-2 15.67 132.45 148.12 NOTE
r-patched-solaris-x86 0.1-2 232.10 NOTE
r-release-linux-x86_64 0.1-2 NOTE
r-release-macos-arm64 0.1-2 NOTE
r-release-macos-x86_64 0.1-2 NOTE
r-release-windows-ix86+x86_64 0.1-2 36.00 118.00 154.00 NOTE
r-oldrel-macos-x86_64 0.1-2 NOTE
r-oldrel-windows-ix86+x86_64 0.1-2 48.00 150.00 198.00 NOTE

Check Details

Version: 0.1-2
Check: DESCRIPTION meta-information
Result: NOTE
    Malformed Description field: should contain one or more complete sentences.
Flavors: r-devel-linux-x86_64-debian-clang, r-devel-linux-x86_64-debian-gcc, r-devel-linux-x86_64-fedora-clang, r-devel-linux-x86_64-fedora-gcc, r-devel-windows-x86_64-new-UL, r-devel-windows-x86_64-new-TK, r-devel-windows-x86_64-old, r-patched-linux-x86_64, r-patched-solaris-x86, r-release-linux-x86_64, r-release-macos-arm64, r-release-macos-x86_64, r-release-windows-ix86+x86_64, r-oldrel-macos-x86_64, r-oldrel-windows-ix86+x86_64

Version: 0.1-2
Check: R code for possible problems
Result: NOTE
    .makeQuickWordcloud: no visible global function definition for 'J'
    .makeQuickWordcloud: no visible global function definition for 'new'
    .makeQuickWordcloud: no visible global function definition for '.jnull'
    .makeTextPlot: no visible global function definition for 'J'
    .makeTextPlot: no visible global function definition for 'new'
    .makeTextPlot: no visible global function definition for '.jnull'
    .onLoad: no visible global function definition for '.jpackage'
    .onLoad: no visible global function definition for '.jnew'
    .onLoad: no visible global function definition for 'J'
    make.color.scale: no visible global function definition for 'rgb'
    Undefined global functions or variables:
     .jnew .jnull .jpackage J new rgb
    Consider adding
     importFrom("grDevices", "rgb")
     importFrom("methods", "new")
    to your NAMESPACE file (and ensure that your DESCRIPTION Imports field
    contains 'methods').
    
    Inconsistency detected by ld.so: dl-open.c: 913: _dl_open: Assertion `_dl_debug_initialize (0, args.nsid)->r_state == RT_CONSISTENT' failed!
Flavor: r-devel-linux-x86_64-debian-clang

Version: 0.1-2
Check: R code for possible problems
Result: NOTE
    .makeQuickWordcloud: no visible global function definition for ‘J’
    .makeQuickWordcloud: no visible global function definition for ‘new’
    .makeQuickWordcloud: no visible global function definition for ‘.jnull’
    .makeTextPlot: no visible global function definition for ‘J’
    .makeTextPlot: no visible global function definition for ‘new’
    .makeTextPlot: no visible global function definition for ‘.jnull’
    .onLoad: no visible global function definition for ‘.jpackage’
    .onLoad: no visible global function definition for ‘.jnew’
    .onLoad: no visible global function definition for ‘J’
    make.color.scale: no visible global function definition for ‘rgb’
    Undefined global functions or variables:
     .jnew .jnull .jpackage J new rgb
    Consider adding
     importFrom("grDevices", "rgb")
     importFrom("methods", "new")
    to your NAMESPACE file (and ensure that your DESCRIPTION Imports field
    contains 'methods').
Flavors: r-devel-linux-x86_64-debian-gcc, r-devel-linux-x86_64-fedora-clang, r-devel-linux-x86_64-fedora-gcc, r-devel-windows-x86_64-new-UL, r-devel-windows-x86_64-new-TK, r-devel-windows-x86_64-old, r-patched-linux-x86_64, r-patched-solaris-x86, r-release-linux-x86_64, r-release-macos-arm64, r-release-macos-x86_64, r-release-windows-ix86+x86_64, r-oldrel-macos-x86_64, r-oldrel-windows-ix86+x86_64