CRAN Package Check Results for Package DengueRT

Last updated on 2021-09-21 05:51:01 CEST.

Flavor Version Tinstall Tcheck Ttotal Status Flags
r-devel-linux-x86_64-debian-clang 1.0.1 13.08 108.17 121.25 OK
r-devel-linux-x86_64-debian-gcc 1.0.1 11.07 79.36 90.43 OK
r-devel-linux-x86_64-fedora-clang 1.0.1 155.18 OK
r-devel-linux-x86_64-fedora-gcc 1.0.1 137.75 OK
r-devel-windows-x86_64 1.0.1 16.00 100.00 116.00 OK
r-devel-windows-x86_64-gcc10-UCRT 1.0.1 ERROR
r-patched-linux-x86_64 1.0.1 12.68 99.98 112.66 OK
r-patched-solaris-x86 1.0.1 211.10 OK
r-release-linux-x86_64 1.0.1 12.06 100.12 112.18 OK
r-release-macos-arm64 1.0.1 OK
r-release-macos-x86_64 1.0.1 OK
r-release-windows-ix86+x86_64 1.0.1 31.00 125.00 156.00 OK
r-oldrel-macos-x86_64 1.0.1 OK
r-oldrel-windows-ix86+x86_64 1.0.1 31.00 126.00 157.00 OK

Check Details

Version: 1.0.1
Check: whether package can be installed
Result: WARN
    Found the following significant warnings:
     WARNING: installation-time patches will not be applied, could not get the patches index
Flavor: r-devel-windows-x86_64-gcc10-UCRT

Version: 1.0.1
Check: PDF version of manual
Result: WARN
    LaTeX errors when creating PDF version.
    This typically indicates Rd problems.
Flavor: r-devel-windows-x86_64-gcc10-UCRT

Version: 1.0.1
Check: PDF version of manual without hyperrefs or index
Result: ERROR
    Re-running with no redirection of stdout/stderr.
Flavor: r-devel-windows-x86_64-gcc10-UCRT