CRAN Package Check Results for Package DepthProc

Last updated on 2021-01-23 05:47:00 CET.

Flavor Version Tinstall Tcheck Ttotal Status Flags
r-devel-linux-x86_64-debian-clang 2.1.3 187.68 176.55 364.23 OK
r-devel-linux-x86_64-debian-gcc 2.1.3 120.86 126.70 247.56 OK
r-devel-linux-x86_64-fedora-clang 2.1.3 499.65 NOTE
r-devel-linux-x86_64-fedora-gcc 2.1.3 449.46 OK
r-devel-windows-ix86+x86_64 2.1.3 424.00 289.00 713.00 OK
r-patched-linux-x86_64 2.1.3 146.88 155.55 302.43 OK
r-patched-solaris-x86 2.1.3 478.90 OK
r-release-linux-x86_64 2.1.3 143.36 155.07 298.43 OK
r-release-macos-x86_64 2.1.3 OK
r-release-windows-ix86+x86_64 2.1.3 382.00 299.00 681.00 OK
r-oldrel-macos-x86_64 2.1.3 WARN
r-oldrel-windows-ix86+x86_64 2.1.3 266.00 190.00 456.00 OK

Check Details

Version: 2.1.3
Check: installed package size
Result: NOTE
     installed size is 5.4Mb
     sub-directories of 1Mb or more:
     libs 4.4Mb
Flavor: r-devel-linux-x86_64-fedora-clang

Version: 2.1.3
Check: dependencies in R code
Result: NOTE
    No protocol specified
    No protocol specified
    No protocol specified
Flavor: r-oldrel-macos-x86_64

Version: 2.1.3
Check: S3 generic/method consistency
Result: WARN
    No protocol specified
    No protocol specified
    See section ‘Generic functions and methods’ in the ‘Writing R
    Extensions’ manual.
Flavor: r-oldrel-macos-x86_64

Version: 2.1.3
Check: replacement functions
Result: WARN
    No protocol specified
    No protocol specified
    The argument of a replacement function which corresponds to the right
    hand side must be named ‘value’.
Flavor: r-oldrel-macos-x86_64

Version: 2.1.3
Check: foreign function calls
Result: NOTE
    No protocol specified
    No protocol specified
    See chapter ‘System and foreign language interfaces’ in the ‘Writing R
    Extensions’ manual.
Flavor: r-oldrel-macos-x86_64

Version: 2.1.3
Check: R code for possible problems
Result: NOTE
    No protocol specified
    No protocol specified
Flavor: r-oldrel-macos-x86_64

Version: 2.1.3
Check: for missing documentation entries
Result: WARN
    No protocol specified
    No protocol specified
    All user-level objects in a package should have documentation entries.
    See chapter ‘Writing R documentation files’ in the ‘Writing R
    Extensions’ manual.
Flavor: r-oldrel-macos-x86_64

Version: 2.1.3
Check: for code/documentation mismatches
Result: WARN
    No protocol specified
    No protocol specified
    No protocol specified
    No protocol specified
    No protocol specified
    No protocol specified
Flavor: r-oldrel-macos-x86_64

Version: 2.1.3
Check: Rd \usage sections
Result: NOTE
    No protocol specified
    No protocol specified
    The \usage entries for S3 methods should use the \method markup and not
    their full name.
    See chapter ‘Writing R documentation files’ in the ‘Writing R
    Extensions’ manual.
Flavor: r-oldrel-macos-x86_64