CRAN Package Check Results for Package DescToolsAddIns

Last updated on 2019-11-20 05:47:04 CET.

Flavor Version Tinstall Tcheck Ttotal Status Flags
r-devel-linux-x86_64-debian-clang 1.5 9.08 62.97 72.05 OK
r-devel-linux-x86_64-debian-gcc 1.5 8.21 52.70 60.91 OK
r-devel-linux-x86_64-fedora-clang 1.5 91.00 OK
r-devel-linux-x86_64-fedora-gcc 1.5 103.26 OK
r-devel-windows-ix86+x86_64 1.5 24.00 75.00 99.00 OK
r-devel-windows-ix86+x86_64-gcc8 1.5 18.00 70.00 88.00 OK
r-patched-linux-x86_64 1.5 8.71 61.49 70.20 OK
r-patched-solaris-x86 1.5 135.30 OK
r-release-linux-x86_64 1.5 9.40 62.93 72.33 OK
r-release-windows-ix86+x86_64 1.5 21.00 105.00 126.00 OK
r-release-osx-x86_64 1.5 WARN
r-oldrel-windows-ix86+x86_64 1.5 9.00 100.00 109.00 OK
r-oldrel-osx-x86_64 1.5 WARN

Check Details

Version: 1.5
Check: dependencies in R code
Result: NOTE
    No protocol specified
    No protocol specified
Flavors: r-release-osx-x86_64, r-oldrel-osx-x86_64

Version: 1.5
Check: S3 generic/method consistency
Result: WARN
    No protocol specified
    No protocol specified
    See section ‘Generic functions and methods’ in the ‘Writing R
    Extensions’ manual.
Flavors: r-release-osx-x86_64, r-oldrel-osx-x86_64

Version: 1.5
Check: replacement functions
Result: WARN
    No protocol specified
    No protocol specified
    The argument of a replacement function which corresponds to the right
    hand side must be named ‘value’.
Flavors: r-release-osx-x86_64, r-oldrel-osx-x86_64

Version: 1.5
Check: foreign function calls
Result: NOTE
    No protocol specified
    No protocol specified
    See chapter ‘System and foreign language interfaces’ in the ‘Writing R
    Extensions’ manual.
Flavors: r-release-osx-x86_64, r-oldrel-osx-x86_64

Version: 1.5
Check: R code for possible problems
Result: NOTE
    No protocol specified
    No protocol specified
Flavors: r-release-osx-x86_64, r-oldrel-osx-x86_64

Version: 1.5
Check: for missing documentation entries
Result: WARN
    No protocol specified
    No protocol specified
    All user-level objects in a package should have documentation entries.
    See chapter ‘Writing R documentation files’ in the ‘Writing R
    Extensions’ manual.
Flavors: r-release-osx-x86_64, r-oldrel-osx-x86_64

Version: 1.5
Check: for code/documentation mismatches
Result: WARN
    No protocol specified
    No protocol specified
    No protocol specified
    No protocol specified
    No protocol specified
    No protocol specified
Flavors: r-release-osx-x86_64, r-oldrel-osx-x86_64

Version: 1.5
Check: Rd \usage sections
Result: NOTE
    No protocol specified
    No protocol specified
    The \usage entries for S3 methods should use the \method markup and not
    their full name.
    See chapter ‘Writing R documentation files’ in the ‘Writing R
    Extensions’ manual.
Flavors: r-release-osx-x86_64, r-oldrel-osx-x86_64