CRAN Package Check Results for Package DescToolsAddIns

Last updated on 2020-07-09 05:47:37 CEST.

Flavor Version Tinstall Tcheck Ttotal Status Flags
r-devel-linux-x86_64-debian-clang 1.7 10.98 71.41 82.39 OK
r-devel-linux-x86_64-debian-gcc 1.7 8.05 54.54 62.59 OK
r-devel-linux-x86_64-fedora-clang 1.7 105.23 OK
r-devel-linux-x86_64-fedora-gcc 1.7 97.29 OK
r-devel-windows-ix86+x86_64 1.7 17.00 77.00 94.00 OK
r-patched-linux-x86_64 1.7 10.06 72.73 82.79 OK
r-patched-solaris-x86 1.7 150.20 OK
r-release-linux-x86_64 1.7 10.51 69.79 80.30 OK
r-release-osx-x86_64 1.7 OK
r-release-windows-ix86+x86_64 1.7 16.00 117.00 133.00 OK
r-oldrel-osx-x86_64 1.7 WARN
r-oldrel-windows-ix86+x86_64 1.7 25.00 107.00 132.00 OK

Check Details

Version: 1.7
Check: dependencies in R code
Result: NOTE
    No protocol specified
    No protocol specified
Flavor: r-oldrel-osx-x86_64

Version: 1.7
Check: S3 generic/method consistency
Result: WARN
    No protocol specified
    No protocol specified
    See section ‘Generic functions and methods’ in the ‘Writing R
    Extensions’ manual.
Flavor: r-oldrel-osx-x86_64

Version: 1.7
Check: replacement functions
Result: WARN
    No protocol specified
    No protocol specified
    The argument of a replacement function which corresponds to the right
    hand side must be named ‘value’.
Flavor: r-oldrel-osx-x86_64

Version: 1.7
Check: foreign function calls
Result: NOTE
    No protocol specified
    No protocol specified
    See chapter ‘System and foreign language interfaces’ in the ‘Writing R
    Extensions’ manual.
Flavor: r-oldrel-osx-x86_64

Version: 1.7
Check: R code for possible problems
Result: NOTE
    No protocol specified
    No protocol specified
Flavor: r-oldrel-osx-x86_64

Version: 1.7
Check: for missing documentation entries
Result: WARN
    No protocol specified
    No protocol specified
    All user-level objects in a package should have documentation entries.
    See chapter ‘Writing R documentation files’ in the ‘Writing R
    Extensions’ manual.
Flavor: r-oldrel-osx-x86_64

Version: 1.7
Check: for code/documentation mismatches
Result: WARN
    No protocol specified
    No protocol specified
    No protocol specified
    No protocol specified
    No protocol specified
    No protocol specified
Flavor: r-oldrel-osx-x86_64

Version: 1.7
Check: Rd \usage sections
Result: NOTE
    No protocol specified
    No protocol specified
    The \usage entries for S3 methods should use the \method markup and not
    their full name.
    See chapter ‘Writing R documentation files’ in the ‘Writing R
    Extensions’ manual.
Flavor: r-oldrel-osx-x86_64